{"id":20478,"date":"2019-12-11T11:53:13","date_gmt":"2019-12-11T14:53:13","guid":{"rendered":"https:\/\/www.rivera.gub.uy\/portal\/?post_type=tribe_events&#038;p=20478"},"modified":"2019-12-11T11:53:13","modified_gmt":"2019-12-11T14:53:13","slug":"feria-arte-artesania","status":"publish","type":"tribe_events","link":"https:\/\/www.rivera.gub.uy\/portal\/evento\/feria-arte-artesania\/","title":{"rendered":"Feria Arte Artesan\u00eda"},"content":{"rendered":"<p>El viernes 13 de diciembre, a las 16 horas, inicia la 3\u00b0 Edici\u00f3n de la Feria Arte Artesan\u00eda.<\/p>\n<p>La misma, se realizar\u00e1 hasta el 15 de diciembre en inmediaciones del Shopping Melanc\u00eda.<\/p>\n<p>El s\u00e1bado 14 y domingo 15, el horario se extender\u00e1 de 10:00 a 22:00 horas.<\/p>\n<p><a href=\"https:\/\/www.rivera.gub.uy\/portal\/wp-content\/uploads\/2019\/12\/arteartesania19.jpg\"><img loading=\"lazy\" decoding=\"async\" class=\"aligncenter wp-image-20479 size-large\" src=\"https:\/\/www.rivera.gub.uy\/portal\/wp-content\/uploads\/2019\/12\/arteartesania19-629x626.jpg\" alt=\"\" width=\"629\" height=\"626\" srcset=\"https:\/\/www.rivera.gub.uy\/portal\/wp-content\/uploads\/2019\/12\/arteartesania19-629x626.jpg 629w, https:\/\/www.rivera.gub.uy\/portal\/wp-content\/uploads\/2019\/12\/arteartesania19-94x94.jpg 94w, https:\/\/www.rivera.gub.uy\/portal\/wp-content\/uploads\/2019\/12\/arteartesania19-189x188.jpg 189w, https:\/\/www.rivera.gub.uy\/portal\/wp-content\/uploads\/2019\/12\/arteartesania19.jpg 750w\" sizes=\"auto, (max-width: 629px) 100vw, 629px\" \/><\/a><\/p>\n<p>&nbsp;<\/p>\n<p>&nbsp;<\/p>\n<p>&nbsp;<\/p>\n<p>&nbsp;<\/p>\n<p>&nbsp;<\/p>\n<p>&nbsp;<\/p>\n","protected":false},"excerpt":{"rendered":"<p>El viernes 13 de diciembre, a las 16 horas, inicia la 3\u00b0 Edici\u00f3n de la Feria Arte Artesan\u00eda. La misma, se realizar\u00e1 hasta el 15 de diciembre en inmediaciones del Shopping Melanc\u00eda. El s\u00e1bado 14 y domingo 15, el horario se extender\u00e1 de 10:00 a 22:00 horas. &nbsp; &nbsp; &nbsp; &nbsp; &nbsp; &nbsp;<\/p>\n","protected":false},"author":1,"featured_media":20480,"template":"","meta":{"_tribe_events_status":"","_tribe_events_status_reason":"","footnotes":""},"tags":[],"tribe_events_cat":[264,302],"class_list":["post-20478","tribe_events","type-tribe_events","status-publish","has-post-thumbnail","hentry","tribe_events_cat-desarrollo","tribe_events_cat-idr","cat_desarrollo","cat_idr"],"_links":{"self":[{"href":"https:\/\/www.rivera.gub.uy\/portal\/wp-json\/wp\/v2\/tribe_events\/20478","targetHints":{"allow":["GET"]}}],"collection":[{"href":"https:\/\/www.rivera.gub.uy\/portal\/wp-json\/wp\/v2\/tribe_events"}],"about":[{"href":"https:\/\/www.rivera.gub.uy\/portal\/wp-json\/wp\/v2\/types\/tribe_events"}],"author":[{"embeddable":true,"href":"https:\/\/www.rivera.gub.uy\/portal\/wp-json\/wp\/v2\/users\/1"}],"version-history":[{"count":1,"href":"https:\/\/www.rivera.gub.uy\/portal\/wp-json\/wp\/v2\/tribe_events\/20478\/revisions"}],"predecessor-version":[{"id":20481,"href":"https:\/\/www.rivera.gub.uy\/portal\/wp-json\/wp\/v2\/tribe_events\/20478\/revisions\/20481"}],"wp:featuredmedia":[{"embeddable":true,"href":"https:\/\/www.rivera.gub.uy\/portal\/wp-json\/wp\/v2\/media\/20480"}],"wp:attachment":[{"href":"https:\/\/www.rivera.gub.uy\/portal\/wp-json\/wp\/v2\/media?parent=20478"}],"wp:term":[{"taxonomy":"post_tag","embeddable":true,"href":"https:\/\/www.rivera.gub.uy\/portal\/wp-json\/wp\/v2\/tags?post=20478"},{"taxonomy":"tribe_events_cat","embeddable":true,"href":"https:\/\/www.rivera.gub.uy\/portal\/wp-json\/wp\/v2\/tribe_events_cat?post=20478"}],"curies":[{"name":"wp","href":"https:\/\/api.w.org\/{rel}","templated":true}]}}

Feria Arte Artesanía

<p>El viernes 13 de diciembre, a las 16 horas, inicia la 3° Edición de la Feria Arte Artesanía.</p>
<p>La misma, se realizará hasta el 15 de diciembre en inmediaciones del Shopping Melancía.</p>
<p>El sábado 14 y domingo 15, el horario se extenderá de 10:00 a 22:00 horas.</p>
<p><a href="https://www.rivera.gub.uy/portal/wp-content/uploads/2019/12/arteartesania19.jpg"><img loading="lazy" decoding="async" class="aligncenter wp-image-20479 size-large" src="https://www.rivera.gub.uy/portal/wp-content/uploads/2019/12/arteartesania19-629x626.jpg" alt="" width="629" height="626" srcset="https://www.rivera.gub.uy/portal/wp-content/uploads/2019/12/arteartesania19-629x626.jpg 629w, https://www.rivera.gub.uy/portal/wp-content/uploads/2019/12/arteartesania19-94x94.jpg 94w, https://www.rivera.gub.uy/portal/wp-content/uploads/2019/12/arteartesania19-189x188.jpg 189w, https://www.rivera.gub.uy/portal/wp-content/uploads/2019/12/arteartesania19.jpg 750w" sizes="auto, (max-width: 629px) 100vw, 629px" /></a></p>
<p>&nbsp;</p>
<p>&nbsp;</p>
<p>&nbsp;</p>
<p>&nbsp;</p>
<p>&nbsp;</p>
<p>&nbsp;</p>

<p>El viernes 13 de diciembre, a las 16 horas, inicia la 3° Edición de la Feria Arte Artesanía. La misma, se realizará hasta el 15 de diciembre en inmediaciones del Shopping Melancía. El sábado 14 y domingo 15, el horario se extenderá de 10:00 a 22:00 horas. &nbsp; &nbsp; &nbsp; &nbsp; &nbsp; &nbsp;</p>
