{"id":20482,"date":"2019-12-11T11:55:44","date_gmt":"2019-12-11T14:55:44","guid":{"rendered":"https:\/\/www.rivera.gub.uy\/portal\/?post_type=tribe_events&#038;p=20482"},"modified":"2019-12-11T11:58:52","modified_gmt":"2019-12-11T14:58:52","slug":"feria-arte-artesania-2","status":"publish","type":"tribe_events","link":"https:\/\/www.rivera.gub.uy\/portal\/evento\/feria-arte-artesania-2\/","title":{"rendered":"Feria Arte Artesan\u00eda"},"content":{"rendered":"<p>El s\u00e1bado 14 y domingo 15 de diciembre, de 10:00 a 22:00 horas, se llevar\u00e1 a cabo la\u00a0 3\u00b0 Edici\u00f3n de la Feria Arte Artesan\u00eda, en inmediaciones del Shopping Melanc\u00eda.<\/p>\n<p>&nbsp;<\/p>\n<p><a href=\"https:\/\/www.rivera.gub.uy\/portal\/wp-content\/uploads\/2019\/12\/arteartesania19.jpg\"><img loading=\"lazy\" decoding=\"async\" class=\"aligncenter wp-image-20479 size-large\" src=\"https:\/\/www.rivera.gub.uy\/portal\/wp-content\/uploads\/2019\/12\/arteartesania19-629x626.jpg\" alt=\"\" width=\"629\" height=\"626\" srcset=\"https:\/\/www.rivera.gub.uy\/portal\/wp-content\/uploads\/2019\/12\/arteartesania19-629x626.jpg 629w, https:\/\/www.rivera.gub.uy\/portal\/wp-content\/uploads\/2019\/12\/arteartesania19-94x94.jpg 94w, https:\/\/www.rivera.gub.uy\/portal\/wp-content\/uploads\/2019\/12\/arteartesania19-189x188.jpg 189w, https:\/\/www.rivera.gub.uy\/portal\/wp-content\/uploads\/2019\/12\/arteartesania19.jpg 750w\" sizes=\"auto, (max-width: 629px) 100vw, 629px\" \/><\/a><\/p>\n<p>&nbsp;<\/p>\n<p>&nbsp;<\/p>\n","protected":false},"excerpt":{"rendered":"<p>El s\u00e1bado 14 y domingo 15 de diciembre, de 10:00 a 22:00 horas, se llevar\u00e1 a cabo la\u00a0 3\u00b0 Edici\u00f3n de la Feria Arte Artesan\u00eda, en inmediaciones del Shopping Melanc\u00eda. &nbsp; &nbsp; &nbsp;<\/p>\n","protected":false},"author":1,"featured_media":20480,"template":"","meta":{"_tribe_events_status":"","_tribe_events_status_reason":"","footnotes":""},"tags":[],"tribe_events_cat":[302],"class_list":["post-20482","tribe_events","type-tribe_events","status-publish","has-post-thumbnail","hentry","tribe_events_cat-idr","cat_idr"],"_links":{"self":[{"href":"https:\/\/www.rivera.gub.uy\/portal\/wp-json\/wp\/v2\/tribe_events\/20482","targetHints":{"allow":["GET"]}}],"collection":[{"href":"https:\/\/www.rivera.gub.uy\/portal\/wp-json\/wp\/v2\/tribe_events"}],"about":[{"href":"https:\/\/www.rivera.gub.uy\/portal\/wp-json\/wp\/v2\/types\/tribe_events"}],"author":[{"embeddable":true,"href":"https:\/\/www.rivera.gub.uy\/portal\/wp-json\/wp\/v2\/users\/1"}],"version-history":[{"count":2,"href":"https:\/\/www.rivera.gub.uy\/portal\/wp-json\/wp\/v2\/tribe_events\/20482\/revisions"}],"predecessor-version":[{"id":20484,"href":"https:\/\/www.rivera.gub.uy\/portal\/wp-json\/wp\/v2\/tribe_events\/20482\/revisions\/20484"}],"wp:featuredmedia":[{"embeddable":true,"href":"https:\/\/www.rivera.gub.uy\/portal\/wp-json\/wp\/v2\/media\/20480"}],"wp:attachment":[{"href":"https:\/\/www.rivera.gub.uy\/portal\/wp-json\/wp\/v2\/media?parent=20482"}],"wp:term":[{"taxonomy":"post_tag","embeddable":true,"href":"https:\/\/www.rivera.gub.uy\/portal\/wp-json\/wp\/v2\/tags?post=20482"},{"taxonomy":"tribe_events_cat","embeddable":true,"href":"https:\/\/www.rivera.gub.uy\/portal\/wp-json\/wp\/v2\/tribe_events_cat?post=20482"}],"curies":[{"name":"wp","href":"https:\/\/api.w.org\/{rel}","templated":true}]}}

Feria Arte Artesanía

<p>El sábado 14 y domingo 15 de diciembre, de 10:00 a 22:00 horas, se llevará a cabo la  3° Edición de la Feria Arte Artesanía, en inmediaciones del Shopping Melancía.</p>
<p>&nbsp;</p>
<p><a href="https://www.rivera.gub.uy/portal/wp-content/uploads/2019/12/arteartesania19.jpg"><img loading="lazy" decoding="async" class="aligncenter wp-image-20479 size-large" src="https://www.rivera.gub.uy/portal/wp-content/uploads/2019/12/arteartesania19-629x626.jpg" alt="" width="629" height="626" srcset="https://www.rivera.gub.uy/portal/wp-content/uploads/2019/12/arteartesania19-629x626.jpg 629w, https://www.rivera.gub.uy/portal/wp-content/uploads/2019/12/arteartesania19-94x94.jpg 94w, https://www.rivera.gub.uy/portal/wp-content/uploads/2019/12/arteartesania19-189x188.jpg 189w, https://www.rivera.gub.uy/portal/wp-content/uploads/2019/12/arteartesania19.jpg 750w" sizes="auto, (max-width: 629px) 100vw, 629px" /></a></p>
<p>&nbsp;</p>
<p>&nbsp;</p>

<p>El sábado 14 y domingo 15 de diciembre, de 10:00 a 22:00 horas, se llevará a cabo la  3° Edición de la Feria Arte Artesanía, en inmediaciones del Shopping Melancía. &nbsp; &nbsp; &nbsp;</p>
