{"id":20754,"date":"2019-12-27T11:36:38","date_gmt":"2019-12-27T14:36:38","guid":{"rendered":"https:\/\/www.rivera.gub.uy\/portal\/?post_type=tribe_events&#038;p=20754"},"modified":"2019-12-27T11:39:25","modified_gmt":"2019-12-27T14:39:25","slug":"cierre-de-rivera-brilla","status":"publish","type":"tribe_events","link":"https:\/\/www.rivera.gub.uy\/portal\/evento\/cierre-de-rivera-brilla\/","title":{"rendered":"Cierre de Rivera Brilla"},"content":{"rendered":"<p>El domingo 29 de diciembre, se realizar\u00e1 el cierre de Rivera Brilla, en inmediaciones de Plaza Artigas, a partir de las 21 horas. <!--more--><\/p>\n<p>El evento contar\u00e1 con la presentaci\u00f3n de Bryan \u00c1lvez y desalineados.<\/p>\n<p>Adem\u00e1s se volver\u00e1 a disfrutar del espect\u00e1culo con Robots y Mapping.<\/p>\n","protected":false},"excerpt":{"rendered":"<p>El domingo 29 de diciembre, se realizar\u00e1 el cierre de Rivera Brilla, en inmediaciones de Plaza Artigas, a partir de las 21 horas.<\/p>\n","protected":false},"author":1,"featured_media":20755,"template":"","meta":{"_tribe_events_status":"","_tribe_events_status_reason":"","footnotes":""},"tags":[],"tribe_events_cat":[302,456],"class_list":["post-20754","tribe_events","type-tribe_events","status-publish","has-post-thumbnail","hentry","tribe_events_cat-idr","tribe_events_cat-turismo","cat_idr","cat_turismo"],"_links":{"self":[{"href":"https:\/\/www.rivera.gub.uy\/portal\/wp-json\/wp\/v2\/tribe_events\/20754","targetHints":{"allow":["GET"]}}],"collection":[{"href":"https:\/\/www.rivera.gub.uy\/portal\/wp-json\/wp\/v2\/tribe_events"}],"about":[{"href":"https:\/\/www.rivera.gub.uy\/portal\/wp-json\/wp\/v2\/types\/tribe_events"}],"author":[{"embeddable":true,"href":"https:\/\/www.rivera.gub.uy\/portal\/wp-json\/wp\/v2\/users\/1"}],"version-history":[{"count":3,"href":"https:\/\/www.rivera.gub.uy\/portal\/wp-json\/wp\/v2\/tribe_events\/20754\/revisions"}],"predecessor-version":[{"id":20758,"href":"https:\/\/www.rivera.gub.uy\/portal\/wp-json\/wp\/v2\/tribe_events\/20754\/revisions\/20758"}],"wp:featuredmedia":[{"embeddable":true,"href":"https:\/\/www.rivera.gub.uy\/portal\/wp-json\/wp\/v2\/media\/20755"}],"wp:attachment":[{"href":"https:\/\/www.rivera.gub.uy\/portal\/wp-json\/wp\/v2\/media?parent=20754"}],"wp:term":[{"taxonomy":"post_tag","embeddable":true,"href":"https:\/\/www.rivera.gub.uy\/portal\/wp-json\/wp\/v2\/tags?post=20754"},{"taxonomy":"tribe_events_cat","embeddable":true,"href":"https:\/\/www.rivera.gub.uy\/portal\/wp-json\/wp\/v2\/tribe_events_cat?post=20754"}],"curies":[{"name":"wp","href":"https:\/\/api.w.org\/{rel}","templated":true}]}}

<p>El domingo 29 de diciembre, se realizará el cierre de Rivera Brilla, en inmediaciones de Plaza Artigas, a partir de las 21 horas. <!--more--></p>
<p>El evento contará con la presentación de Bryan Álvez y desalineados.</p>
<p>Además se volverá a disfrutar del espectáculo con Robots y Mapping.</p>

<p>El domingo 29 de diciembre, se realizará el cierre de Rivera Brilla, en inmediaciones de Plaza Artigas, a partir de las 21 horas.</p>
