{"id":20759,"date":"2019-12-27T11:57:59","date_gmt":"2019-12-27T14:57:59","guid":{"rendered":"https:\/\/www.rivera.gub.uy\/portal\/?post_type=tribe_events&#038;p=20759"},"modified":"2019-12-27T11:57:59","modified_gmt":"2019-12-27T14:57:59","slug":"presentacion-de-los-jovenes-musicos","status":"publish","type":"tribe_events","link":"https:\/\/www.rivera.gub.uy\/portal\/evento\/presentacion-de-los-jovenes-musicos\/","title":{"rendered":"Presentaci\u00f3n de los &#8220;J\u00f3venes M\u00fasicos&#8221;"},"content":{"rendered":"<p>El s\u00e1bado 28 de diciembre, se realizar\u00e1 la entrega de premios del concurso &#8220;J\u00f3venes M\u00fasicos&#8221;.<\/p>\n<p>Los 6 finalistas del concurso, que tuvo lugar durante Rivera Brilla, se presentar\u00e1n a partir de las 20 horas, en Plaza Artigas.<\/p>\n<p>&nbsp;<\/p>\n<p>&nbsp;<\/p>\n\r\n\t<div class=\"msacwl-slider-wrap msacwl-row-clearfix \" data-conf=\"{&quot;autoplay&quot;:&quot;true&quot;,&quot;autoplay_speed&quot;:3000,&quot;speed&quot;:300,&quot;arrows&quot;:&quot;true&quot;,&quot;dots&quot;:&quot;true&quot;,&quot;lazyload&quot;:&quot;&quot;}\">\r\n\t\t<div id=\"msacwl-slider-1\" class=\"msacwl-slider msacwl-common-slider msacwl-slider-popup\">\r\n\t\t\t\t\t\t<div class=\"msacwl-slide\" data-item-index=\"1\" >\r\n\t\t\t\t<a class=\"msacwl-img-link\" href=\"javascript:void(0);\" data-mfp-src=\"https:\/\/www.rivera.gub.uy\/portal\/wp-content\/uploads\/2019\/12\/WhatsApp-Image-2019-12-27-at-10.48.18-AM.jpeg\">\r\n\t\t\t\t\t<img decoding=\"async\" class=\"msacwl-img\" src=\"https:\/\/www.rivera.gub.uy\/portal\/wp-content\/uploads\/2019\/12\/WhatsApp-Image-2019-12-27-at-10.48.18-AM.jpeg\"  data-title=\"\" alt=\"\" \/>\r\n\t\t\t\t<\/a>\r\n\t\t\t\t\t\t\t\t\t<div class=\"msacwl-gallery-caption\">\r\n\t\t\t\t\t\t\t\t\t\t\t\t\t<span class=\"image_title\"><\/span>\r\n\t\t\t\t\t\t\t\t\t\t\t\t\t<span><\/span>\r\n\t\t\t\t\t\t \t\t\t\t\t<\/div>\r\n\t\t\t\t\t\t\t<\/div>\r\n\t\t\t\t\t\t<div class=\"msacwl-slide\" data-item-index=\"2\" >\r\n\t\t\t\t<a class=\"msacwl-img-link\" href=\"javascript:void(0);\" data-mfp-src=\"https:\/\/www.rivera.gub.uy\/portal\/wp-content\/uploads\/2019\/12\/WhatsApp-Image-2019-12-27-at-10.48.19-AM.jpeg\">\r\n\t\t\t\t\t<img decoding=\"async\" class=\"msacwl-img\" src=\"https:\/\/www.rivera.gub.uy\/portal\/wp-content\/uploads\/2019\/12\/WhatsApp-Image-2019-12-27-at-10.48.19-AM.jpeg\"  data-title=\"\" alt=\"\" \/>\r\n\t\t\t\t<\/a>\r\n\t\t\t\t\t\t\t\t\t<div class=\"msacwl-gallery-caption\">\r\n\t\t\t\t\t\t\t\t\t\t\t\t\t<span class=\"image_title\"><\/span>\r\n\t\t\t\t\t\t\t\t\t\t\t\t\t<span><\/span>\r\n\t\t\t\t\t\t \t\t\t\t\t<\/div>\r\n\t\t\t\t\t\t\t<\/div>\r\n\t\t\t\t\t\t<div class=\"msacwl-slide\" data-item-index=\"3\" >\r\n\t\t\t\t<a class=\"msacwl-img-link\" href=\"javascript:void(0);\" data-mfp-src=\"https:\/\/www.rivera.gub.uy\/portal\/wp-content\/uploads\/2019\/12\/WhatsApp-Image-2019-12-27-at-10.48.20-AM-1.jpeg\">\r\n\t\t\t\t\t<img decoding=\"async\" class=\"msacwl-img\" src=\"https:\/\/www.rivera.gub.uy\/portal\/wp-content\/uploads\/2019\/12\/WhatsApp-Image-2019-12-27-at-10.48.20-AM-1.jpeg\"  data-title=\"\" alt=\"\" \/>\r\n\t\t\t\t<\/a>\r\n\t\t\t\t\t\t\t\t\t<div class=\"msacwl-gallery-caption\">\r\n\t\t\t\t\t\t\t\t\t\t\t\t\t<span class=\"image_title\"><\/span>\r\n\t\t\t\t\t\t\t\t\t\t\t\t\t<span><\/span>\r\n\t\t\t\t\t\t \t\t\t\t\t<\/div>\r\n\t\t\t\t\t\t\t<\/div>\r\n\t\t\t\t\t\t<div class=\"msacwl-slide\" data-item-index=\"4\" >\r\n\t\t\t\t<a class=\"msacwl-img-link\" href=\"javascript:void(0);\" data-mfp-src=\"https:\/\/www.rivera.gub.uy\/portal\/wp-content\/uploads\/2019\/12\/WhatsApp-Image-2019-12-27-at-10.48.20-AM.jpeg\">\r\n\t\t\t\t\t<img decoding=\"async\" class=\"msacwl-img\" src=\"https:\/\/www.rivera.gub.uy\/portal\/wp-content\/uploads\/2019\/12\/WhatsApp-Image-2019-12-27-at-10.48.20-AM.jpeg\"  data-title=\"\" alt=\"\" \/>\r\n\t\t\t\t<\/a>\r\n\t\t\t\t\t\t\t\t\t<div class=\"msacwl-gallery-caption\">\r\n\t\t\t\t\t\t\t\t\t\t\t\t\t<span class=\"image_title\"><\/span>\r\n\t\t\t\t\t\t\t\t\t\t\t\t\t<span><\/span>\r\n\t\t\t\t\t\t \t\t\t\t\t<\/div>\r\n\t\t\t\t\t\t\t<\/div>\r\n\t\t\t\t\t\t<div class=\"msacwl-slide\" data-item-index=\"5\" >\r\n\t\t\t\t<a class=\"msacwl-img-link\" href=\"javascript:void(0);\" data-mfp-src=\"https:\/\/www.rivera.gub.uy\/portal\/wp-content\/uploads\/2019\/12\/WhatsApp-Image-2019-12-27-at-10.48.21-AM.jpeg\">\r\n\t\t\t\t\t<img decoding=\"async\" class=\"msacwl-img\" src=\"https:\/\/www.rivera.gub.uy\/portal\/wp-content\/uploads\/2019\/12\/WhatsApp-Image-2019-12-27-at-10.48.21-AM.jpeg\"  data-title=\"\" alt=\"\" \/>\r\n\t\t\t\t<\/a>\r\n\t\t\t\t\t\t\t\t\t<div class=\"msacwl-gallery-caption\">\r\n\t\t\t\t\t\t\t\t\t\t\t\t\t<span class=\"image_title\"><\/span>\r\n\t\t\t\t\t\t\t\t\t\t\t\t\t<span><\/span>\r\n\t\t\t\t\t\t \t\t\t\t\t<\/div>\r\n\t\t\t\t\t\t\t<\/div>\r\n\t\t\t\t\t<\/div>\r\n\t<\/div>\r\n\r\n\t\n","protected":false},"excerpt":{"rendered":"<p>El s\u00e1bado 28 de diciembre, se realizar\u00e1 la entrega de premios del concurso &#8220;J\u00f3venes M\u00fasicos&#8221;. Los 6 finalistas del concurso, que tuvo lugar durante Rivera Brilla, se presentar\u00e1n a partir de las 20 horas, en Plaza Artigas. &nbsp; &nbsp;<\/p>\n","protected":false},"author":1,"featured_media":19626,"template":"","meta":{"_tribe_events_status":"","_tribe_events_status_reason":"","footnotes":""},"tags":[],"tribe_events_cat":[253,302,456],"class_list":["post-20759","tribe_events","type-tribe_events","status-publish","has-post-thumbnail","hentry","tribe_events_cat-cultura","tribe_events_cat-idr","tribe_events_cat-turismo","cat_cultura","cat_idr","cat_turismo"],"_links":{"self":[{"href":"https:\/\/www.rivera.gub.uy\/portal\/wp-json\/wp\/v2\/tribe_events\/20759","targetHints":{"allow":["GET"]}}],"collection":[{"href":"https:\/\/www.rivera.gub.uy\/portal\/wp-json\/wp\/v2\/tribe_events"}],"about":[{"href":"https:\/\/www.rivera.gub.uy\/portal\/wp-json\/wp\/v2\/types\/tribe_events"}],"author":[{"embeddable":true,"href":"https:\/\/www.rivera.gub.uy\/portal\/wp-json\/wp\/v2\/users\/1"}],"version-history":[{"count":1,"href":"https:\/\/www.rivera.gub.uy\/portal\/wp-json\/wp\/v2\/tribe_events\/20759\/revisions"}],"predecessor-version":[{"id":20765,"href":"https:\/\/www.rivera.gub.uy\/portal\/wp-json\/wp\/v2\/tribe_events\/20759\/revisions\/20765"}],"wp:featuredmedia":[{"embeddable":true,"href":"https:\/\/www.rivera.gub.uy\/portal\/wp-json\/wp\/v2\/media\/19626"}],"wp:attachment":[{"href":"https:\/\/www.rivera.gub.uy\/portal\/wp-json\/wp\/v2\/media?parent=20759"}],"wp:term":[{"taxonomy":"post_tag","embeddable":true,"href":"https:\/\/www.rivera.gub.uy\/portal\/wp-json\/wp\/v2\/tags?post=20759"},{"taxonomy":"tribe_events_cat","embeddable":true,"href":"https:\/\/www.rivera.gub.uy\/portal\/wp-json\/wp\/v2\/tribe_events_cat?post=20759"}],"curies":[{"name":"wp","href":"https:\/\/api.w.org\/{rel}","templated":true}]}}

Presentación de los &#8220;Jóvenes Músicos&#8221;

<p>El sábado 28 de diciembre, se realizará la entrega de premios del concurso &#8220;Jóvenes Músicos&#8221;.</p>
<p>Los 6 finalistas del concurso, que tuvo lugar durante Rivera Brilla, se presentarán a partir de las 20 horas, en Plaza Artigas.</p>
<p>&nbsp;</p>
<p>&nbsp;</p>

	<div class="msacwl-slider-wrap msacwl-row-clearfix " data-conf="{&quot;autoplay&quot;:&quot;true&quot;,&quot;autoplay_speed&quot;:3000,&quot;speed&quot;:300,&quot;arrows&quot;:&quot;true&quot;,&quot;dots&quot;:&quot;true&quot;,&quot;lazyload&quot;:&quot;&quot;}">
		<div id="msacwl-slider-1" class="msacwl-slider msacwl-common-slider msacwl-slider-popup">
						<div class="msacwl-slide" data-item-index="1" >
				<a class="msacwl-img-link" href="javascript:void(0);" data-mfp-src="https://www.rivera.gub.uy/portal/wp-content/uploads/2019/12/WhatsApp-Image-2019-12-27-at-10.48.18-AM.jpeg">
					<img decoding="async" class="msacwl-img" src="https://www.rivera.gub.uy/portal/wp-content/uploads/2019/12/WhatsApp-Image-2019-12-27-at-10.48.18-AM.jpeg"  data-title="" alt="" />
				</a>
									<div class="msacwl-gallery-caption">
													<span class="image_title"></span>
													<span></span>
						 					</div>
							</div>
						<div class="msacwl-slide" data-item-index="2" >
				<a class="msacwl-img-link" href="javascript:void(0);" data-mfp-src="https://www.rivera.gub.uy/portal/wp-content/uploads/2019/12/WhatsApp-Image-2019-12-27-at-10.48.19-AM.jpeg">
					<img decoding="async" class="msacwl-img" src="https://www.rivera.gub.uy/portal/wp-content/uploads/2019/12/WhatsApp-Image-2019-12-27-at-10.48.19-AM.jpeg"  data-title="" alt="" />
				</a>
									<div class="msacwl-gallery-caption">
													<span class="image_title"></span>
													<span></span>
						 					</div>
							</div>
						<div class="msacwl-slide" data-item-index="3" >
				<a class="msacwl-img-link" href="javascript:void(0);" data-mfp-src="https://www.rivera.gub.uy/portal/wp-content/uploads/2019/12/WhatsApp-Image-2019-12-27-at-10.48.20-AM-1.jpeg">
					<img decoding="async" class="msacwl-img" src="https://www.rivera.gub.uy/portal/wp-content/uploads/2019/12/WhatsApp-Image-2019-12-27-at-10.48.20-AM-1.jpeg"  data-title="" alt="" />
				</a>
									<div class="msacwl-gallery-caption">
													<span class="image_title"></span>
													<span></span>
						 					</div>
							</div>
						<div class="msacwl-slide" data-item-index="4" >
				<a class="msacwl-img-link" href="javascript:void(0);" data-mfp-src="https://www.rivera.gub.uy/portal/wp-content/uploads/2019/12/WhatsApp-Image-2019-12-27-at-10.48.20-AM.jpeg">
					<img decoding="async" class="msacwl-img" src="https://www.rivera.gub.uy/portal/wp-content/uploads/2019/12/WhatsApp-Image-2019-12-27-at-10.48.20-AM.jpeg"  data-title="" alt="" />
				</a>
									<div class="msacwl-gallery-caption">
													<span class="image_title"></span>
													<span></span>
						 					</div>
							</div>
						<div class="msacwl-slide" data-item-index="5" >
				<a class="msacwl-img-link" href="javascript:void(0);" data-mfp-src="https://www.rivera.gub.uy/portal/wp-content/uploads/2019/12/WhatsApp-Image-2019-12-27-at-10.48.21-AM.jpeg">
					<img decoding="async" class="msacwl-img" src="https://www.rivera.gub.uy/portal/wp-content/uploads/2019/12/WhatsApp-Image-2019-12-27-at-10.48.21-AM.jpeg"  data-title="" alt="" />
				</a>
									<div class="msacwl-gallery-caption">
													<span class="image_title"></span>
													<span></span>
						 					</div>
							</div>
					</div>
	</div>

<p>El sábado 28 de diciembre, se realizará la entrega de premios del concurso &#8220;Jóvenes Músicos&#8221;. Los 6 finalistas del concurso, que tuvo lugar durante Rivera Brilla, se presentarán a partir de las 20 horas, en Plaza Artigas. &nbsp; &nbsp;</p>
