{"id":21071,"date":"2020-01-21T12:42:20","date_gmt":"2020-01-21T15:42:20","guid":{"rendered":"https:\/\/www.rivera.gub.uy\/portal\/?post_type=tribe_events&#038;p=21071"},"modified":"2020-01-21T12:42:20","modified_gmt":"2020-01-21T15:42:20","slug":"lanzamiento-del-plan-de-obras-enero-julio-2020","status":"publish","type":"tribe_events","link":"https:\/\/www.rivera.gub.uy\/portal\/evento\/lanzamiento-del-plan-de-obras-enero-julio-2020\/","title":{"rendered":"Lanzamiento del Plan de Obras enero-julio 2020"},"content":{"rendered":"<p>Este jueves 23 de enero de 2020, se realizar\u00e1 el lanzamiento del Plan de Obras (enero-julio 2020), de la Intendencia Departamental de Rivera.<!--more--><\/p>\n<p>En el evento estar\u00e1 presente el intendente Richard Sander Dar\u00edn, acompa\u00f1ado por el secretario general, Jos\u00e9 Mazzoni, y el director general de obras, Mart\u00edn Garc\u00eda.<\/p>\n<p>La ceremonia se llevar\u00e1 a cabo en la Sala de Conferencias de la IDR (3er piso), a las 10:00 horas.<\/p>\n<p>&nbsp;<\/p>\n<p><a href=\"https:\/\/www.rivera.gub.uy\/portal\/wp-content\/uploads\/2020\/01\/WhatsApp-Image-2020-01-21-at-12.09.57-PM.jpeg\"><img loading=\"lazy\" decoding=\"async\" class=\"aligncenter wp-image-21074 size-medium\" src=\"https:\/\/www.rivera.gub.uy\/portal\/wp-content\/uploads\/2020\/01\/WhatsApp-Image-2020-01-21-at-12.09.57-PM-282x188.jpeg\" alt=\"\" width=\"282\" height=\"188\" srcset=\"https:\/\/www.rivera.gub.uy\/portal\/wp-content\/uploads\/2020\/01\/WhatsApp-Image-2020-01-21-at-12.09.57-PM-282x188.jpeg 282w, https:\/\/www.rivera.gub.uy\/portal\/wp-content\/uploads\/2020\/01\/WhatsApp-Image-2020-01-21-at-12.09.57-PM-141x94.jpeg 141w, https:\/\/www.rivera.gub.uy\/portal\/wp-content\/uploads\/2020\/01\/WhatsApp-Image-2020-01-21-at-12.09.57-PM-768x512.jpeg 768w, https:\/\/www.rivera.gub.uy\/portal\/wp-content\/uploads\/2020\/01\/WhatsApp-Image-2020-01-21-at-12.09.57-PM-940x626.jpeg 940w, https:\/\/www.rivera.gub.uy\/portal\/wp-content\/uploads\/2020\/01\/WhatsApp-Image-2020-01-21-at-12.09.57-PM-600x400.jpeg 600w, https:\/\/www.rivera.gub.uy\/portal\/wp-content\/uploads\/2020\/01\/WhatsApp-Image-2020-01-21-at-12.09.57-PM-820x546.jpeg 820w, https:\/\/www.rivera.gub.uy\/portal\/wp-content\/uploads\/2020\/01\/WhatsApp-Image-2020-01-21-at-12.09.57-PM-272x182.jpeg 272w, https:\/\/www.rivera.gub.uy\/portal\/wp-content\/uploads\/2020\/01\/WhatsApp-Image-2020-01-21-at-12.09.57-PM.jpeg 1600w\" sizes=\"auto, (max-width: 282px) 100vw, 282px\" \/><\/a><\/p>\n","protected":false},"excerpt":{"rendered":"<p>Este jueves 23 de enero de 2020, se realizar\u00e1 el lanzamiento del Plan de Obras (enero-julio 2020), de la Intendencia Departamental de Rivera.<\/p>\n","protected":false},"author":7,"featured_media":21072,"template":"","meta":{"_tribe_events_status":"","_tribe_events_status_reason":"","footnotes":""},"tags":[],"tribe_events_cat":[302],"class_list":["post-21071","tribe_events","type-tribe_events","status-publish","has-post-thumbnail","hentry","tribe_events_cat-idr","cat_idr"],"_links":{"self":[{"href":"https:\/\/www.rivera.gub.uy\/portal\/wp-json\/wp\/v2\/tribe_events\/21071","targetHints":{"allow":["GET"]}}],"collection":[{"href":"https:\/\/www.rivera.gub.uy\/portal\/wp-json\/wp\/v2\/tribe_events"}],"about":[{"href":"https:\/\/www.rivera.gub.uy\/portal\/wp-json\/wp\/v2\/types\/tribe_events"}],"author":[{"embeddable":true,"href":"https:\/\/www.rivera.gub.uy\/portal\/wp-json\/wp\/v2\/users\/7"}],"version-history":[{"count":2,"href":"https:\/\/www.rivera.gub.uy\/portal\/wp-json\/wp\/v2\/tribe_events\/21071\/revisions"}],"predecessor-version":[{"id":21075,"href":"https:\/\/www.rivera.gub.uy\/portal\/wp-json\/wp\/v2\/tribe_events\/21071\/revisions\/21075"}],"wp:featuredmedia":[{"embeddable":true,"href":"https:\/\/www.rivera.gub.uy\/portal\/wp-json\/wp\/v2\/media\/21072"}],"wp:attachment":[{"href":"https:\/\/www.rivera.gub.uy\/portal\/wp-json\/wp\/v2\/media?parent=21071"}],"wp:term":[{"taxonomy":"post_tag","embeddable":true,"href":"https:\/\/www.rivera.gub.uy\/portal\/wp-json\/wp\/v2\/tags?post=21071"},{"taxonomy":"tribe_events_cat","embeddable":true,"href":"https:\/\/www.rivera.gub.uy\/portal\/wp-json\/wp\/v2\/tribe_events_cat?post=21071"}],"curies":[{"name":"wp","href":"https:\/\/api.w.org\/{rel}","templated":true}]}}

<p>Este jueves 23 de enero de 2020, se realizará el lanzamiento del Plan de Obras (enero-julio 2020), de la Intendencia Departamental de Rivera.<!--more--></p>
<p>En el evento estará presente el intendente Richard Sander Darín, acompañado por el secretario general, José Mazzoni, y el director general de obras, Martín García.</p>
<p>La ceremonia se llevará a cabo en la Sala de Conferencias de la IDR (3er piso), a las 10:00 horas.</p>
<p>&nbsp;</p>
<p><a href="https://www.rivera.gub.uy/portal/wp-content/uploads/2020/01/WhatsApp-Image-2020-01-21-at-12.09.57-PM.jpeg"><img loading="lazy" decoding="async" class="aligncenter wp-image-21074 size-medium" src="https://www.rivera.gub.uy/portal/wp-content/uploads/2020/01/WhatsApp-Image-2020-01-21-at-12.09.57-PM-282x188.jpeg" alt="" width="282" height="188" srcset="https://www.rivera.gub.uy/portal/wp-content/uploads/2020/01/WhatsApp-Image-2020-01-21-at-12.09.57-PM-282x188.jpeg 282w, https://www.rivera.gub.uy/portal/wp-content/uploads/2020/01/WhatsApp-Image-2020-01-21-at-12.09.57-PM-141x94.jpeg 141w, https://www.rivera.gub.uy/portal/wp-content/uploads/2020/01/WhatsApp-Image-2020-01-21-at-12.09.57-PM-768x512.jpeg 768w, https://www.rivera.gub.uy/portal/wp-content/uploads/2020/01/WhatsApp-Image-2020-01-21-at-12.09.57-PM-940x626.jpeg 940w, https://www.rivera.gub.uy/portal/wp-content/uploads/2020/01/WhatsApp-Image-2020-01-21-at-12.09.57-PM-600x400.jpeg 600w, https://www.rivera.gub.uy/portal/wp-content/uploads/2020/01/WhatsApp-Image-2020-01-21-at-12.09.57-PM-820x546.jpeg 820w, https://www.rivera.gub.uy/portal/wp-content/uploads/2020/01/WhatsApp-Image-2020-01-21-at-12.09.57-PM-272x182.jpeg 272w, https://www.rivera.gub.uy/portal/wp-content/uploads/2020/01/WhatsApp-Image-2020-01-21-at-12.09.57-PM.jpeg 1600w" sizes="auto, (max-width: 282px) 100vw, 282px" /></a></p>

<p>Este jueves 23 de enero de 2020, se realizará el lanzamiento del Plan de Obras (enero-julio 2020), de la Intendencia Departamental de Rivera.</p>
