{"id":21077,"date":"2020-01-21T12:56:30","date_gmt":"2020-01-21T15:56:30","guid":{"rendered":"https:\/\/www.rivera.gub.uy\/portal\/?post_type=tribe_events&#038;p=21077"},"modified":"2020-01-21T12:56:30","modified_gmt":"2020-01-21T15:56:30","slug":"29-fiesta-de-la-sandia-y-la-forestacion","status":"publish","type":"tribe_events","link":"https:\/\/www.rivera.gub.uy\/portal\/evento\/29-fiesta-de-la-sandia-y-la-forestacion\/","title":{"rendered":"29\u00b0 Fiesta de la Sand\u00eda y la Forestaci\u00f3n"},"content":{"rendered":"<p>El viernes 7 de febrero, a las 20 horas, se realizar\u00e1 la apertura de la 29\u00b0 Fiesta de la Sand\u00eda y la Forestaci\u00f3n, en la ciudad de Tranqueras.<\/p>\n<p>El evento continuar\u00e1 el s\u00e1bado 8, a partir de las 9 horas, y el domingo 9, a partir de las 8 horas.<\/p>\n<p>&nbsp;<\/p>\n<p>&nbsp;<\/p>\n<p>&nbsp;<\/p>\n","protected":false},"excerpt":{"rendered":"<p>El viernes 7 de febrero, a las 20 horas, se realizar\u00e1 la apertura de la 29\u00b0 Fiesta de la Sand\u00eda y la Forestaci\u00f3n, en la ciudad de Tranqueras. El evento continuar\u00e1 el s\u00e1bado 8, a partir de las 9 horas, y el domingo 9, a partir de las 8 horas. &nbsp; &nbsp; &nbsp;<\/p>\n","protected":false},"author":7,"featured_media":21078,"template":"","meta":{"_tribe_events_status":"","_tribe_events_status_reason":"","footnotes":""},"tags":[],"tribe_events_cat":[302],"class_list":["post-21077","tribe_events","type-tribe_events","status-publish","has-post-thumbnail","hentry","tribe_events_cat-idr","cat_idr"],"_links":{"self":[{"href":"https:\/\/www.rivera.gub.uy\/portal\/wp-json\/wp\/v2\/tribe_events\/21077","targetHints":{"allow":["GET"]}}],"collection":[{"href":"https:\/\/www.rivera.gub.uy\/portal\/wp-json\/wp\/v2\/tribe_events"}],"about":[{"href":"https:\/\/www.rivera.gub.uy\/portal\/wp-json\/wp\/v2\/types\/tribe_events"}],"author":[{"embeddable":true,"href":"https:\/\/www.rivera.gub.uy\/portal\/wp-json\/wp\/v2\/users\/7"}],"version-history":[{"count":1,"href":"https:\/\/www.rivera.gub.uy\/portal\/wp-json\/wp\/v2\/tribe_events\/21077\/revisions"}],"predecessor-version":[{"id":21079,"href":"https:\/\/www.rivera.gub.uy\/portal\/wp-json\/wp\/v2\/tribe_events\/21077\/revisions\/21079"}],"wp:featuredmedia":[{"embeddable":true,"href":"https:\/\/www.rivera.gub.uy\/portal\/wp-json\/wp\/v2\/media\/21078"}],"wp:attachment":[{"href":"https:\/\/www.rivera.gub.uy\/portal\/wp-json\/wp\/v2\/media?parent=21077"}],"wp:term":[{"taxonomy":"post_tag","embeddable":true,"href":"https:\/\/www.rivera.gub.uy\/portal\/wp-json\/wp\/v2\/tags?post=21077"},{"taxonomy":"tribe_events_cat","embeddable":true,"href":"https:\/\/www.rivera.gub.uy\/portal\/wp-json\/wp\/v2\/tribe_events_cat?post=21077"}],"curies":[{"name":"wp","href":"https:\/\/api.w.org\/{rel}","templated":true}]}}

29° Fiesta de la Sandía y la Forestación

<p>El viernes 7 de febrero, a las 20 horas, se realizará la apertura de la 29° Fiesta de la Sandía y la Forestación, en la ciudad de Tranqueras.</p>
<p>El evento continuará el sábado 8, a partir de las 9 horas, y el domingo 9, a partir de las 8 horas.</p>
<p>&nbsp;</p>
<p>&nbsp;</p>
<p>&nbsp;</p>

<p>El viernes 7 de febrero, a las 20 horas, se realizará la apertura de la 29° Fiesta de la Sandía y la Forestación, en la ciudad de Tranqueras. El evento continuará el sábado 8, a partir de las 9 horas, y el domingo 9, a partir de las 8 horas. &nbsp; &nbsp; &nbsp;</p>
