{"id":21717,"date":"2020-02-21T14:19:34","date_gmt":"2020-02-21T17:19:34","guid":{"rendered":"https:\/\/www.rivera.gub.uy\/portal\/?post_type=tribe_events&#038;p=21717"},"modified":"2020-02-21T14:20:08","modified_gmt":"2020-02-21T17:20:08","slug":"carnaval-tablados-2020","status":"publish","type":"tribe_events","link":"https:\/\/www.rivera.gub.uy\/portal\/evento\/carnaval-tablados-2020\/","title":{"rendered":"Carnaval: Tablados 2020"},"content":{"rendered":"<p>El s\u00e1bado 22 de febrero, comienzan las presentaciones en los tablados, en el marcos del Carnaval 2020.<\/p>\n<p>Los mismos tendr\u00e1n lugar en los barrios Saavedra, Rivera Chico, Rampla y Misiones, a partir de las 21 horas.<\/p>\n<p>Las presentaciones se realizar\u00e1n hasta el d\u00eda 27 de febrero y contar\u00e1n con la presencia de m\u00e1s de 22 agrupaciones.<\/p>\n<p><a href=\"https:\/\/www.rivera.gub.uy\/portal\/wp-content\/uploads\/2020\/02\/Programaci\u00f3n-de-Tablados-Carnaval-con-logos-2020.jpg\"><img loading=\"lazy\" decoding=\"async\" class=\"aligncenter wp-image-21718 size-large\" src=\"https:\/\/www.rivera.gub.uy\/portal\/wp-content\/uploads\/2020\/02\/Programaci\u00f3n-de-Tablados-Carnaval-con-logos-2020-1000x483.jpg\" alt=\"\" width=\"1000\" height=\"483\" srcset=\"https:\/\/www.rivera.gub.uy\/portal\/wp-content\/uploads\/2020\/02\/Programaci\u00f3n-de-Tablados-Carnaval-con-logos-2020-1000x483.jpg 1000w, https:\/\/www.rivera.gub.uy\/portal\/wp-content\/uploads\/2020\/02\/Programaci\u00f3n-de-Tablados-Carnaval-con-logos-2020-150x73.jpg 150w, https:\/\/www.rivera.gub.uy\/portal\/wp-content\/uploads\/2020\/02\/Programaci\u00f3n-de-Tablados-Carnaval-con-logos-2020-300x145.jpg 300w, https:\/\/www.rivera.gub.uy\/portal\/wp-content\/uploads\/2020\/02\/Programaci\u00f3n-de-Tablados-Carnaval-con-logos-2020-768x371.jpg 768w, https:\/\/www.rivera.gub.uy\/portal\/wp-content\/uploads\/2020\/02\/Programaci\u00f3n-de-Tablados-Carnaval-con-logos-2020-820x396.jpg 820w\" sizes=\"auto, (max-width: 1000px) 100vw, 1000px\" \/><\/a><\/p>\n","protected":false},"excerpt":{"rendered":"<p>El s\u00e1bado 22 de febrero, comienzan las presentaciones en los tablados, en el marcos del Carnaval 2020. Los mismos tendr\u00e1n lugar en los barrios Saavedra, Rivera Chico, Rampla y Misiones, a partir de las 21 horas. Las presentaciones se realizar\u00e1n hasta el d\u00eda 27 de febrero y contar\u00e1n con la presencia de m\u00e1s de 22 [&hellip;]<\/p>\n","protected":false},"author":7,"featured_media":21600,"template":"","meta":{"_tribe_events_status":"","_tribe_events_status_reason":"","footnotes":""},"tags":[1070,396,36,33,735,952],"tribe_events_cat":[302,456],"class_list":["post-21717","tribe_events","type-tribe_events","status-publish","has-post-thumbnail","hentry","tag-1070","tag-carnaval","tag-intendencia","tag-rivera","tag-tablado","tag-tablados","tribe_events_cat-idr","tribe_events_cat-turismo","cat_idr","cat_turismo"],"_links":{"self":[{"href":"https:\/\/www.rivera.gub.uy\/portal\/wp-json\/wp\/v2\/tribe_events\/21717","targetHints":{"allow":["GET"]}}],"collection":[{"href":"https:\/\/www.rivera.gub.uy\/portal\/wp-json\/wp\/v2\/tribe_events"}],"about":[{"href":"https:\/\/www.rivera.gub.uy\/portal\/wp-json\/wp\/v2\/types\/tribe_events"}],"author":[{"embeddable":true,"href":"https:\/\/www.rivera.gub.uy\/portal\/wp-json\/wp\/v2\/users\/7"}],"version-history":[{"count":1,"href":"https:\/\/www.rivera.gub.uy\/portal\/wp-json\/wp\/v2\/tribe_events\/21717\/revisions"}],"predecessor-version":[{"id":21719,"href":"https:\/\/www.rivera.gub.uy\/portal\/wp-json\/wp\/v2\/tribe_events\/21717\/revisions\/21719"}],"wp:featuredmedia":[{"embeddable":true,"href":"https:\/\/www.rivera.gub.uy\/portal\/wp-json\/wp\/v2\/media\/21600"}],"wp:attachment":[{"href":"https:\/\/www.rivera.gub.uy\/portal\/wp-json\/wp\/v2\/media?parent=21717"}],"wp:term":[{"taxonomy":"post_tag","embeddable":true,"href":"https:\/\/www.rivera.gub.uy\/portal\/wp-json\/wp\/v2\/tags?post=21717"},{"taxonomy":"tribe_events_cat","embeddable":true,"href":"https:\/\/www.rivera.gub.uy\/portal\/wp-json\/wp\/v2\/tribe_events_cat?post=21717"}],"curies":[{"name":"wp","href":"https:\/\/api.w.org\/{rel}","templated":true}]}}

<p>El sábado 22 de febrero, comienzan las presentaciones en los tablados, en el marcos del Carnaval 2020.</p>
<p>Los mismos tendrán lugar en los barrios Saavedra, Rivera Chico, Rampla y Misiones, a partir de las 21 horas.</p>
<p>Las presentaciones se realizarán hasta el día 27 de febrero y contarán con la presencia de más de 22 agrupaciones.</p>
<p><a href="https://www.rivera.gub.uy/portal/wp-content/uploads/2020/02/Programación-de-Tablados-Carnaval-con-logos-2020.jpg"><img loading="lazy" decoding="async" class="aligncenter wp-image-21718 size-large" src="https://www.rivera.gub.uy/portal/wp-content/uploads/2020/02/Programación-de-Tablados-Carnaval-con-logos-2020-1000x483.jpg" alt="" width="1000" height="483" srcset="https://www.rivera.gub.uy/portal/wp-content/uploads/2020/02/Programación-de-Tablados-Carnaval-con-logos-2020-1000x483.jpg 1000w, https://www.rivera.gub.uy/portal/wp-content/uploads/2020/02/Programación-de-Tablados-Carnaval-con-logos-2020-150x73.jpg 150w, https://www.rivera.gub.uy/portal/wp-content/uploads/2020/02/Programación-de-Tablados-Carnaval-con-logos-2020-300x145.jpg 300w, https://www.rivera.gub.uy/portal/wp-content/uploads/2020/02/Programación-de-Tablados-Carnaval-con-logos-2020-768x371.jpg 768w, https://www.rivera.gub.uy/portal/wp-content/uploads/2020/02/Programación-de-Tablados-Carnaval-con-logos-2020-820x396.jpg 820w" sizes="auto, (max-width: 1000px) 100vw, 1000px" /></a></p>

<p>El sábado 22 de febrero, comienzan las presentaciones en los tablados, en el marcos del Carnaval 2020. Los mismos tendrán lugar en los barrios Saavedra, Rivera Chico, Rampla y Misiones, a partir de las 21 horas. Las presentaciones se realizarán hasta el día 27 de febrero y contarán con la presencia de más de 22 [&hellip;]</p>
