{"id":21796,"date":"2020-02-28T18:13:07","date_gmt":"2020-02-28T21:13:07","guid":{"rendered":"https:\/\/www.rivera.gub.uy\/portal\/?post_type=tribe_events&#038;p=21796"},"modified":"2020-02-28T18:19:08","modified_gmt":"2020-02-28T21:19:08","slug":"desfile-de-carnaval","status":"publish","type":"tribe_events","link":"https:\/\/www.rivera.gub.uy\/portal\/evento\/desfile-de-carnaval\/","title":{"rendered":"Desfile de Carnaval"},"content":{"rendered":"<p>Este 28 y 29 de febrero, tendr\u00e1n lugar los desfiles de Carnaval por Av. Sarand\u00ed, a partir de las 21 horas.<\/p>\n<p>El evento contar\u00e1 con la presencia de la intendente, Alma Galup. <!--more--><\/p>\n<p>Programaci\u00f3n:<\/p>\n<p><strong>Viernes 28:<\/strong><\/p>\n<ul>\n<li>Carro con Reina y Rey Momo<\/li>\n<li>Escola de Samba &#8220;Leones del samba&#8221;<\/li>\n<li>Grupo Lubolos &#8220;Tambores del Norte&#8221;<\/li>\n<li>Escola de samba &#8220;Siempre Cerro&#8221;<\/li>\n<li>Grupo Lubolos &#8220;Birincunyamba&#8221;<\/li>\n<li>Escola de Samba &#8220;Naci\u00f3n Guerrera de Cuar\u00f3&#8221;<\/li>\n<li>Grupo Lubolos &#8220;Tizones de Ansina&#8221;<\/li>\n<li>Escenario m\u00f3vil con la Orquesta Departamental de Rivera<\/li>\n<li>Disfraces y Murga Colombina y Pierrots<\/li>\n<li>Bloco &#8220;Quem me viu Mentiu&#8221;<\/li>\n<li>Escola de &#8220;Samba Uni\u00f3n del Viejo Omb\u00fa&#8221;<\/li>\n<\/ul>\n<p><strong>S\u00e1bado 29:<\/strong><\/p>\n<ul>\n<li>Carro con Reina y Rey Momo<\/li>\n<li>Escola de Samba &#8220;Leones del samba&#8221;<\/li>\n<li>Grupo Lubolos &#8220;Tambores del Norte&#8221;<\/li>\n<li>Escola de Samba &#8220;Siempre Cerro&#8221;<\/li>\n<li>Grupo Lubolos &#8220;Tizones de Ansina&#8221;<\/li>\n<li>Escola de Samba &#8220;Naci\u00f3n Guerrera de Cuar\u00f3&#8221;<\/li>\n<li>Grupo Lubolos &#8220;Birincunyamba&#8221;<\/li>\n<li>Escenario m\u00f3vil con la Orquesta Departamental de Rivera<\/li>\n<li>Disfraces y Murga Colombina y Pierrots<\/li>\n<li>Bloco &#8220;Quem me viu Mentiu&#8221;<\/li>\n<li>Escola de Samba &#8220;Uni\u00f3n del Viejo Omb\u00fa&#8221;<\/li>\n<\/ul>\n<p>&nbsp;<\/p>\n<p>&nbsp;<\/p>\n","protected":false},"excerpt":{"rendered":"<p>Este 28 y 29 de febrero, tendr\u00e1n lugar los desfiles de Carnaval por Av. Sarand\u00ed, a partir de las 21 horas. El evento contar\u00e1 con la presencia de la intendente, Alma Galup.<\/p>\n","protected":false},"author":7,"featured_media":21746,"template":"","meta":{"_tribe_events_status":"","_tribe_events_status_reason":"","footnotes":""},"tags":[],"tribe_events_cat":[302],"class_list":["post-21796","tribe_events","type-tribe_events","status-publish","has-post-thumbnail","hentry","tribe_events_cat-idr","cat_idr"],"_links":{"self":[{"href":"https:\/\/www.rivera.gub.uy\/portal\/wp-json\/wp\/v2\/tribe_events\/21796","targetHints":{"allow":["GET"]}}],"collection":[{"href":"https:\/\/www.rivera.gub.uy\/portal\/wp-json\/wp\/v2\/tribe_events"}],"about":[{"href":"https:\/\/www.rivera.gub.uy\/portal\/wp-json\/wp\/v2\/types\/tribe_events"}],"author":[{"embeddable":true,"href":"https:\/\/www.rivera.gub.uy\/portal\/wp-json\/wp\/v2\/users\/7"}],"version-history":[{"count":4,"href":"https:\/\/www.rivera.gub.uy\/portal\/wp-json\/wp\/v2\/tribe_events\/21796\/revisions"}],"predecessor-version":[{"id":21800,"href":"https:\/\/www.rivera.gub.uy\/portal\/wp-json\/wp\/v2\/tribe_events\/21796\/revisions\/21800"}],"wp:featuredmedia":[{"embeddable":true,"href":"https:\/\/www.rivera.gub.uy\/portal\/wp-json\/wp\/v2\/media\/21746"}],"wp:attachment":[{"href":"https:\/\/www.rivera.gub.uy\/portal\/wp-json\/wp\/v2\/media?parent=21796"}],"wp:term":[{"taxonomy":"post_tag","embeddable":true,"href":"https:\/\/www.rivera.gub.uy\/portal\/wp-json\/wp\/v2\/tags?post=21796"},{"taxonomy":"tribe_events_cat","embeddable":true,"href":"https:\/\/www.rivera.gub.uy\/portal\/wp-json\/wp\/v2\/tribe_events_cat?post=21796"}],"curies":[{"name":"wp","href":"https:\/\/api.w.org\/{rel}","templated":true}]}}

<p>Este 28 y 29 de febrero, tendrán lugar los desfiles de Carnaval por Av. Sarandí, a partir de las 21 horas.</p>
<p>El evento contará con la presencia de la intendente, Alma Galup. <!--more--></p>
<p>Programación:</p>
<p><strong>Viernes 28:</strong></p>
<ul>
<li>Carro con Reina y Rey Momo</li>
<li>Escola de Samba &#8220;Leones del samba&#8221;</li>
<li>Grupo Lubolos &#8220;Tambores del Norte&#8221;</li>
<li>Escola de samba &#8220;Siempre Cerro&#8221;</li>
<li>Grupo Lubolos &#8220;Birincunyamba&#8221;</li>
<li>Escola de Samba &#8220;Nación Guerrera de Cuaró&#8221;</li>
<li>Grupo Lubolos &#8220;Tizones de Ansina&#8221;</li>
<li>Escenario móvil con la Orquesta Departamental de Rivera</li>
<li>Disfraces y Murga Colombina y Pierrots</li>
<li>Bloco &#8220;Quem me viu Mentiu&#8221;</li>
<li>Escola de &#8220;Samba Unión del Viejo Ombú&#8221;</li>
</ul>
<p><strong>Sábado 29:</strong></p>
<ul>
<li>Carro con Reina y Rey Momo</li>
<li>Escola de Samba &#8220;Leones del samba&#8221;</li>
<li>Grupo Lubolos &#8220;Tambores del Norte&#8221;</li>
<li>Escola de Samba &#8220;Siempre Cerro&#8221;</li>
<li>Grupo Lubolos &#8220;Tizones de Ansina&#8221;</li>
<li>Escola de Samba &#8220;Nación Guerrera de Cuaró&#8221;</li>
<li>Grupo Lubolos &#8220;Birincunyamba&#8221;</li>
<li>Escenario móvil con la Orquesta Departamental de Rivera</li>
<li>Disfraces y Murga Colombina y Pierrots</li>
<li>Bloco &#8220;Quem me viu Mentiu&#8221;</li>
<li>Escola de Samba &#8220;Unión del Viejo Ombú&#8221;</li>
</ul>
<p>&nbsp;</p>
<p>&nbsp;</p>

<p>Este 28 y 29 de febrero, tendrán lugar los desfiles de Carnaval por Av. Sarandí, a partir de las 21 horas. El evento contará con la presencia de la intendente, Alma Galup.</p>
