{"id":3679,"date":"2017-12-08T11:04:24","date_gmt":"2017-12-08T13:04:24","guid":{"rendered":"http:\/\/www.rivera.gub.uy\/portal\/?post_type=tribe_events&#038;p=3679"},"modified":"2017-12-08T11:24:13","modified_gmt":"2017-12-08T13:24:13","slug":"apertura-de-arte-y-artesania","status":"publish","type":"tribe_events","link":"https:\/\/www.rivera.gub.uy\/portal\/evento\/apertura-de-arte-y-artesania\/","title":{"rendered":"Apertura de &#8220;Arte y Artesan\u00eda&#8221;"},"content":{"rendered":"<p>Este s\u00e1bado 9 de diciembre, a las 19 horas, se har\u00e1 la apertura oficial de &#8220;Arte y Artesan\u00eda&#8221;. Feria que se llevar\u00e1 a cabo con Artesanas y Artistas en el Shopping Melanc\u00eda.<\/p>\n<p>Esta feria, busca transformarse en una importante herramienta a disposici\u00f3n de las Artistas, Artesanas y Emprendedoras de la regi\u00f3n, con el fin de valorizar el capital cultural regional, promocionar y comercializar sus productos. Contribuyendo de esta manera al fomento del autoempleo de las Mujeres de esta regi\u00f3n de Uruguay.<\/p>\n<p>La feria se presentar\u00e1 los d\u00edas 9 y 10 de diciembre, en el Shopping Melanc\u00eda.<\/p>\n<p>&nbsp;<\/p>\n<p>&nbsp;<\/p>\n<p>&nbsp;<\/p>\n<p>&nbsp;<\/p>\n<p>&nbsp;<\/p>\n","protected":false},"excerpt":{"rendered":"<p>Este s\u00e1bado 9 de diciembre, a las 19 horas, se har\u00e1 la apertura oficial de &#8220;Arte y Artesan\u00eda&#8221;. Feria que se llevar\u00e1 a cabo con Artesanas y Artistas en el Shopping Melanc\u00eda. Esta feria, busca transformarse en una importante herramienta a disposici\u00f3n de las Artistas, Artesanas y Emprendedoras de la regi\u00f3n, con el fin de [&hellip;]<\/p>\n","protected":false},"author":7,"featured_media":3680,"template":"","meta":{"_tribe_events_status":"","_tribe_events_status_reason":"","footnotes":""},"tags":[318,248,36,33,319],"tribe_events_cat":[253],"class_list":["post-3679","tribe_events","type-tribe_events","status-publish","has-post-thumbnail","hentry","tag-arte","tag-artesania","tag-intendencia","tag-rivera","tag-shopping","tribe_events_cat-cultura","cat_cultura"],"_links":{"self":[{"href":"https:\/\/www.rivera.gub.uy\/portal\/wp-json\/wp\/v2\/tribe_events\/3679","targetHints":{"allow":["GET"]}}],"collection":[{"href":"https:\/\/www.rivera.gub.uy\/portal\/wp-json\/wp\/v2\/tribe_events"}],"about":[{"href":"https:\/\/www.rivera.gub.uy\/portal\/wp-json\/wp\/v2\/types\/tribe_events"}],"author":[{"embeddable":true,"href":"https:\/\/www.rivera.gub.uy\/portal\/wp-json\/wp\/v2\/users\/7"}],"version-history":[{"count":1,"href":"https:\/\/www.rivera.gub.uy\/portal\/wp-json\/wp\/v2\/tribe_events\/3679\/revisions"}],"predecessor-version":[{"id":3681,"href":"https:\/\/www.rivera.gub.uy\/portal\/wp-json\/wp\/v2\/tribe_events\/3679\/revisions\/3681"}],"wp:featuredmedia":[{"embeddable":true,"href":"https:\/\/www.rivera.gub.uy\/portal\/wp-json\/wp\/v2\/media\/3680"}],"wp:attachment":[{"href":"https:\/\/www.rivera.gub.uy\/portal\/wp-json\/wp\/v2\/media?parent=3679"}],"wp:term":[{"taxonomy":"post_tag","embeddable":true,"href":"https:\/\/www.rivera.gub.uy\/portal\/wp-json\/wp\/v2\/tags?post=3679"},{"taxonomy":"tribe_events_cat","embeddable":true,"href":"https:\/\/www.rivera.gub.uy\/portal\/wp-json\/wp\/v2\/tribe_events_cat?post=3679"}],"curies":[{"name":"wp","href":"https:\/\/api.w.org\/{rel}","templated":true}]}}

Apertura de &#8220;Arte y Artesanía&#8221;

<p>Este sábado 9 de diciembre, a las 19 horas, se hará la apertura oficial de &#8220;Arte y Artesanía&#8221;. Feria que se llevará a cabo con Artesanas y Artistas en el Shopping Melancía.</p>
<p>Esta feria, busca transformarse en una importante herramienta a disposición de las Artistas, Artesanas y Emprendedoras de la región, con el fin de valorizar el capital cultural regional, promocionar y comercializar sus productos. Contribuyendo de esta manera al fomento del autoempleo de las Mujeres de esta región de Uruguay.</p>
<p>La feria se presentará los días 9 y 10 de diciembre, en el Shopping Melancía.</p>
<p>&nbsp;</p>
<p>&nbsp;</p>
<p>&nbsp;</p>
<p>&nbsp;</p>
<p>&nbsp;</p>

<p>Este sábado 9 de diciembre, a las 19 horas, se hará la apertura oficial de &#8220;Arte y Artesanía&#8221;. Feria que se llevará a cabo con Artesanas y Artistas en el Shopping Melancía. Esta feria, busca transformarse en una importante herramienta a disposición de las Artistas, Artesanas y Emprendedoras de la región, con el fin de [&hellip;]</p>
