{"id":3694,"date":"2017-12-08T14:02:24","date_gmt":"2017-12-08T16:02:24","guid":{"rendered":"http:\/\/www.rivera.gub.uy\/portal\/?post_type=tribe_events&#038;p=3694"},"modified":"2017-12-08T15:55:32","modified_gmt":"2017-12-08T17:55:32","slug":"inauguracion-del-rincon-infantil-en-plaza-paseo-de-los-inmigrantes","status":"publish","type":"tribe_events","link":"https:\/\/www.rivera.gub.uy\/portal\/evento\/inauguracion-del-rincon-infantil-en-plaza-paseo-de-los-inmigrantes\/","title":{"rendered":"Inauguraci\u00f3n del rinc\u00f3n infantil en Plaza &#8220;Paseo de los Inmigrantes&#8221;"},"content":{"rendered":"<p>El mi\u00e9rcoles 13 de diciembre, se har\u00e1 entrega a la comunidad del rinc\u00f3n infantil ubicado en\u00a0la Plaza &#8220;Paseo de los Inmigrantes&#8221;, de la ciudad de Tranqueras.<\/p>\n<p>El evento contar\u00e1 con la presencia del Intendente Departamental, Marne Osorio,\u00a0el Alcalde del Municipio de Tranqueras, Milton G\u00f3mes, y funcionarios de la Oficina de Planeamiento y Presupuesto (OPP).<\/p>\n<p>La ceremonia tendr\u00e1 lugar en\u00a0Plaza Paseo de los Inmigrantes, a las 19:30 horas.<\/p>\n<p>&nbsp;<\/p>\n<p>&nbsp;<\/p>\n<p>&nbsp;<\/p>\n","protected":false},"excerpt":{"rendered":"<p>El mi\u00e9rcoles 13 de diciembre, se har\u00e1 entrega a la comunidad del rinc\u00f3n infantil ubicado en\u00a0la Plaza &#8220;Paseo de los Inmigrantes&#8221;, de la ciudad de Tranqueras. El evento contar\u00e1 con la presencia del Intendente Departamental, Marne Osorio,\u00a0el Alcalde del Municipio de Tranqueras, Milton G\u00f3mes, y funcionarios de la Oficina de Planeamiento y Presupuesto (OPP). La [&hellip;]<\/p>\n","protected":false},"author":7,"featured_media":3697,"template":"","meta":{"_tribe_events_status":"","_tribe_events_status_reason":"","footnotes":""},"tags":[82,36,322,33,72],"tribe_events_cat":[302],"class_list":["post-3694","tribe_events","type-tribe_events","status-publish","has-post-thumbnail","hentry","tag-inauguracion","tag-intendencia","tag-plaza","tag-rivera","tag-tranqueras","tribe_events_cat-idr","cat_idr"],"_links":{"self":[{"href":"https:\/\/www.rivera.gub.uy\/portal\/wp-json\/wp\/v2\/tribe_events\/3694","targetHints":{"allow":["GET"]}}],"collection":[{"href":"https:\/\/www.rivera.gub.uy\/portal\/wp-json\/wp\/v2\/tribe_events"}],"about":[{"href":"https:\/\/www.rivera.gub.uy\/portal\/wp-json\/wp\/v2\/types\/tribe_events"}],"author":[{"embeddable":true,"href":"https:\/\/www.rivera.gub.uy\/portal\/wp-json\/wp\/v2\/users\/7"}],"version-history":[{"count":2,"href":"https:\/\/www.rivera.gub.uy\/portal\/wp-json\/wp\/v2\/tribe_events\/3694\/revisions"}],"predecessor-version":[{"id":3707,"href":"https:\/\/www.rivera.gub.uy\/portal\/wp-json\/wp\/v2\/tribe_events\/3694\/revisions\/3707"}],"wp:featuredmedia":[{"embeddable":true,"href":"https:\/\/www.rivera.gub.uy\/portal\/wp-json\/wp\/v2\/media\/3697"}],"wp:attachment":[{"href":"https:\/\/www.rivera.gub.uy\/portal\/wp-json\/wp\/v2\/media?parent=3694"}],"wp:term":[{"taxonomy":"post_tag","embeddable":true,"href":"https:\/\/www.rivera.gub.uy\/portal\/wp-json\/wp\/v2\/tags?post=3694"},{"taxonomy":"tribe_events_cat","embeddable":true,"href":"https:\/\/www.rivera.gub.uy\/portal\/wp-json\/wp\/v2\/tribe_events_cat?post=3694"}],"curies":[{"name":"wp","href":"https:\/\/api.w.org\/{rel}","templated":true}]}}

Inauguración del rincón infantil en Plaza &#8220;Paseo de los Inmigrantes&#8221;

<p>El miércoles 13 de diciembre, se hará entrega a la comunidad del rincón infantil ubicado en la Plaza &#8220;Paseo de los Inmigrantes&#8221;, de la ciudad de Tranqueras.</p>
<p>El evento contará con la presencia del Intendente Departamental, Marne Osorio, el Alcalde del Municipio de Tranqueras, Milton Gómes, y funcionarios de la Oficina de Planeamiento y Presupuesto (OPP).</p>
<p>La ceremonia tendrá lugar en Plaza Paseo de los Inmigrantes, a las 19:30 horas.</p>
<p>&nbsp;</p>
<p>&nbsp;</p>
<p>&nbsp;</p>

<p>El miércoles 13 de diciembre, se hará entrega a la comunidad del rincón infantil ubicado en la Plaza &#8220;Paseo de los Inmigrantes&#8221;, de la ciudad de Tranqueras. El evento contará con la presencia del Intendente Departamental, Marne Osorio, el Alcalde del Municipio de Tranqueras, Milton Gómes, y funcionarios de la Oficina de Planeamiento y Presupuesto (OPP). La [&hellip;]</p>
