{"id":3735,"date":"2017-12-11T15:19:59","date_gmt":"2017-12-11T17:19:59","guid":{"rendered":"http:\/\/www.rivera.gub.uy\/portal\/?post_type=tribe_events&#038;p=3735"},"modified":"2017-12-11T15:20:06","modified_gmt":"2017-12-11T17:20:06","slug":"entrega-de-premios-concurso-de-poesia-y-narrativa-cosas-de-frontera","status":"publish","type":"tribe_events","link":"https:\/\/www.rivera.gub.uy\/portal\/evento\/entrega-de-premios-concurso-de-poesia-y-narrativa-cosas-de-frontera\/","title":{"rendered":"Entrega de Premios: concurso de Poes\u00eda y Narrativa &#8220;Cosas de Frontera&#8221;"},"content":{"rendered":"<p>Este mi\u00e9rcoles 13 de diciembre,\u00a0se realizar\u00e1 la entrega de premios del Concurso de Poes\u00eda y Narrativa &#8220;Cosas de Frontera&#8221; 2017.<\/p>\n<p>En la ceremonia, se galardonar\u00e1 al 1\u00b0 y 2\u00b0 lugar en Poes\u00eda, 1\u00b0 y 2\u00b0 lugar en Narrativa y 4 Menciones Especiales.<\/p>\n<p>El evento tendr\u00e1 lugar en\u00a0Sala Cultural de Antel (Agraciada 333), a las 19:30 horas.<\/p>\n<p>&nbsp;<\/p>\n<p>&nbsp;<\/p>\n","protected":false},"excerpt":{"rendered":"<p>Este mi\u00e9rcoles 13 de diciembre,\u00a0se realizar\u00e1 la entrega de premios del Concurso de Poes\u00eda y Narrativa &#8220;Cosas de Frontera&#8221; 2017. En la ceremonia, se galardonar\u00e1 al 1\u00b0 y 2\u00b0 lugar en Poes\u00eda, 1\u00b0 y 2\u00b0 lugar en Narrativa y 4 Menciones Especiales. El evento tendr\u00e1 lugar en\u00a0Sala Cultural de Antel (Agraciada 333), a las 19:30 [&hellip;]<\/p>\n","protected":false},"author":7,"featured_media":3736,"template":"","meta":{"_tribe_events_status":"","_tribe_events_status_reason":"","footnotes":""},"tags":[65,332,36,334,333,287,33],"tribe_events_cat":[253,302],"class_list":["post-3735","tribe_events","type-tribe_events","status-publish","has-post-thumbnail","hentry","tag-cultura","tag-entrega","tag-intendencia","tag-narrativa","tag-poesia","tag-premios","tag-rivera","tribe_events_cat-cultura","tribe_events_cat-idr","cat_cultura","cat_idr"],"_links":{"self":[{"href":"https:\/\/www.rivera.gub.uy\/portal\/wp-json\/wp\/v2\/tribe_events\/3735","targetHints":{"allow":["GET"]}}],"collection":[{"href":"https:\/\/www.rivera.gub.uy\/portal\/wp-json\/wp\/v2\/tribe_events"}],"about":[{"href":"https:\/\/www.rivera.gub.uy\/portal\/wp-json\/wp\/v2\/types\/tribe_events"}],"author":[{"embeddable":true,"href":"https:\/\/www.rivera.gub.uy\/portal\/wp-json\/wp\/v2\/users\/7"}],"version-history":[{"count":1,"href":"https:\/\/www.rivera.gub.uy\/portal\/wp-json\/wp\/v2\/tribe_events\/3735\/revisions"}],"predecessor-version":[{"id":3737,"href":"https:\/\/www.rivera.gub.uy\/portal\/wp-json\/wp\/v2\/tribe_events\/3735\/revisions\/3737"}],"wp:featuredmedia":[{"embeddable":true,"href":"https:\/\/www.rivera.gub.uy\/portal\/wp-json\/wp\/v2\/media\/3736"}],"wp:attachment":[{"href":"https:\/\/www.rivera.gub.uy\/portal\/wp-json\/wp\/v2\/media?parent=3735"}],"wp:term":[{"taxonomy":"post_tag","embeddable":true,"href":"https:\/\/www.rivera.gub.uy\/portal\/wp-json\/wp\/v2\/tags?post=3735"},{"taxonomy":"tribe_events_cat","embeddable":true,"href":"https:\/\/www.rivera.gub.uy\/portal\/wp-json\/wp\/v2\/tribe_events_cat?post=3735"}],"curies":[{"name":"wp","href":"https:\/\/api.w.org\/{rel}","templated":true}]}}

Entrega de Premios: concurso de Poesía y Narrativa &#8220;Cosas de Frontera&#8221;

<p>Este miércoles 13 de diciembre, se realizará la entrega de premios del Concurso de Poesía y Narrativa &#8220;Cosas de Frontera&#8221; 2017.</p>
<p>En la ceremonia, se galardonará al 1° y 2° lugar en Poesía, 1° y 2° lugar en Narrativa y 4 Menciones Especiales.</p>
<p>El evento tendrá lugar en Sala Cultural de Antel (Agraciada 333), a las 19:30 horas.</p>
<p>&nbsp;</p>
<p>&nbsp;</p>

<p>Este miércoles 13 de diciembre, se realizará la entrega de premios del Concurso de Poesía y Narrativa &#8220;Cosas de Frontera&#8221; 2017. En la ceremonia, se galardonará al 1° y 2° lugar en Poesía, 1° y 2° lugar en Narrativa y 4 Menciones Especiales. El evento tendrá lugar en Sala Cultural de Antel (Agraciada 333), a las 19:30 [&hellip;]</p>
