{"id":3880,"date":"2017-12-26T11:31:35","date_gmt":"2017-12-26T13:31:35","guid":{"rendered":"http:\/\/www.rivera.gub.uy\/portal\/?post_type=tribe_events&#038;p=3880"},"modified":"2017-12-26T11:31:35","modified_gmt":"2017-12-26T13:31:35","slug":"firma-de-contrato-para-el-inicio-de-obras-en-barrio-artigas","status":"publish","type":"tribe_events","link":"https:\/\/www.rivera.gub.uy\/portal\/evento\/firma-de-contrato-para-el-inicio-de-obras-en-barrio-artigas\/","title":{"rendered":"Firma de contrato para el inicio de obras en barrio Artigas"},"content":{"rendered":"<p>Este mi\u00e9rcoles 27 de diciembre, el intendente departamental de Rivera, Dr. Marne Osorio, junto al Alcalde del Municipio de Tranqueras, Milton G\u00f3mes, y la Oficina de Planeamiento y Presupuesto (OPP), realizar\u00e1n la firma de contrato, que dar\u00e1 inicio a las obras en barrio Artigas de Tranqueras.<\/p>\n<p>El evento tendr\u00e1 lugar en la Escuela N\u00ba 124 &#8220;Rep\u00fablica Popular China&#8221;, a las 11 horas.<\/p>\n","protected":false},"excerpt":{"rendered":"<p>Este mi\u00e9rcoles 27 de diciembre, el intendente departamental de Rivera, Dr. Marne Osorio, junto al Alcalde del Municipio de Tranqueras, Milton G\u00f3mes, y la Oficina de Planeamiento y Presupuesto (OPP), realizar\u00e1n la firma de contrato, que dar\u00e1 inicio a las obras en barrio Artigas de Tranqueras. El evento tendr\u00e1 lugar en la Escuela N\u00ba 124 [&hellip;]<\/p>\n","protected":false},"author":7,"featured_media":3881,"template":"","meta":{"_tribe_events_status":"","_tribe_events_status_reason":"","footnotes":""},"tags":[270,356,355,354,36,81,353,33,72],"tribe_events_cat":[302],"class_list":["post-3880","tribe_events","type-tribe_events","status-publish","has-post-thumbnail","hentry","tag-alcaldia","tag-barrio-artigas","tag-contrato","tag-firma","tag-intendencia","tag-obras","tag-opp","tag-rivera","tag-tranqueras","tribe_events_cat-idr","cat_idr"],"_links":{"self":[{"href":"https:\/\/www.rivera.gub.uy\/portal\/wp-json\/wp\/v2\/tribe_events\/3880","targetHints":{"allow":["GET"]}}],"collection":[{"href":"https:\/\/www.rivera.gub.uy\/portal\/wp-json\/wp\/v2\/tribe_events"}],"about":[{"href":"https:\/\/www.rivera.gub.uy\/portal\/wp-json\/wp\/v2\/types\/tribe_events"}],"author":[{"embeddable":true,"href":"https:\/\/www.rivera.gub.uy\/portal\/wp-json\/wp\/v2\/users\/7"}],"version-history":[{"count":1,"href":"https:\/\/www.rivera.gub.uy\/portal\/wp-json\/wp\/v2\/tribe_events\/3880\/revisions"}],"predecessor-version":[{"id":3882,"href":"https:\/\/www.rivera.gub.uy\/portal\/wp-json\/wp\/v2\/tribe_events\/3880\/revisions\/3882"}],"wp:featuredmedia":[{"embeddable":true,"href":"https:\/\/www.rivera.gub.uy\/portal\/wp-json\/wp\/v2\/media\/3881"}],"wp:attachment":[{"href":"https:\/\/www.rivera.gub.uy\/portal\/wp-json\/wp\/v2\/media?parent=3880"}],"wp:term":[{"taxonomy":"post_tag","embeddable":true,"href":"https:\/\/www.rivera.gub.uy\/portal\/wp-json\/wp\/v2\/tags?post=3880"},{"taxonomy":"tribe_events_cat","embeddable":true,"href":"https:\/\/www.rivera.gub.uy\/portal\/wp-json\/wp\/v2\/tribe_events_cat?post=3880"}],"curies":[{"name":"wp","href":"https:\/\/api.w.org\/{rel}","templated":true}]}}

<p>Este miércoles 27 de diciembre, el intendente departamental de Rivera, Dr. Marne Osorio, junto al Alcalde del Municipio de Tranqueras, Milton Gómes, y la Oficina de Planeamiento y Presupuesto (OPP), realizarán la firma de contrato, que dará inicio a las obras en barrio Artigas de Tranqueras.</p>
<p>El evento tendrá lugar en la Escuela Nº 124 &#8220;República Popular China&#8221;, a las 11 horas.</p>

<p>Este miércoles 27 de diciembre, el intendente departamental de Rivera, Dr. Marne Osorio, junto al Alcalde del Municipio de Tranqueras, Milton Gómes, y la Oficina de Planeamiento y Presupuesto (OPP), realizarán la firma de contrato, que dará inicio a las obras en barrio Artigas de Tranqueras. El evento tendrá lugar en la Escuela Nº 124 [&hellip;]</p>
