{"id":4002,"date":"2018-01-08T11:40:40","date_gmt":"2018-01-08T13:40:40","guid":{"rendered":"http:\/\/www.rivera.gub.uy\/portal\/?post_type=tribe_events&#038;p=4002"},"modified":"2018-01-08T11:40:40","modified_gmt":"2018-01-08T13:40:40","slug":"visita-de-obras-en-barrio-santa-isabel","status":"publish","type":"tribe_events","link":"https:\/\/www.rivera.gub.uy\/portal\/evento\/visita-de-obras-en-barrio-santa-isabel\/","title":{"rendered":"Visita de obras en barrio Santa Isabel"},"content":{"rendered":"<p>Este jueves 11 de enero, el Intendente (i) Richard Sander visitar\u00e1 las nuevas obras que se estan realizando en el barrio Santa Isabel, de la ciudad de Rivera.<\/p>\n<p>La recorrida comenzar\u00e1 a las 1o horas y contar\u00e1 con la presencia de varias autoridades de la direcci\u00f3n general de obras.<\/p>\n","protected":false},"excerpt":{"rendered":"<p>Este jueves 11 de enero, el Intendente (i) Richard Sander visitar\u00e1 las nuevas obras que se estan realizando en el barrio Santa Isabel, de la ciudad de Rivera. La recorrida comenzar\u00e1 a las 1o horas y contar\u00e1 con la presencia de varias autoridades de la direcci\u00f3n general de obras.<\/p>\n","protected":false},"author":7,"featured_media":0,"template":"","meta":{"_tribe_events_status":"","_tribe_events_status_reason":"","footnotes":""},"tags":[36,371,33,203],"tribe_events_cat":[302],"class_list":["post-4002","tribe_events","type-tribe_events","status-publish","hentry","tag-intendencia","tag-recorrida","tag-rivera","tag-santa-isabel","tribe_events_cat-idr","cat_idr"],"_links":{"self":[{"href":"https:\/\/www.rivera.gub.uy\/portal\/wp-json\/wp\/v2\/tribe_events\/4002","targetHints":{"allow":["GET"]}}],"collection":[{"href":"https:\/\/www.rivera.gub.uy\/portal\/wp-json\/wp\/v2\/tribe_events"}],"about":[{"href":"https:\/\/www.rivera.gub.uy\/portal\/wp-json\/wp\/v2\/types\/tribe_events"}],"author":[{"embeddable":true,"href":"https:\/\/www.rivera.gub.uy\/portal\/wp-json\/wp\/v2\/users\/7"}],"version-history":[{"count":1,"href":"https:\/\/www.rivera.gub.uy\/portal\/wp-json\/wp\/v2\/tribe_events\/4002\/revisions"}],"predecessor-version":[{"id":4003,"href":"https:\/\/www.rivera.gub.uy\/portal\/wp-json\/wp\/v2\/tribe_events\/4002\/revisions\/4003"}],"wp:attachment":[{"href":"https:\/\/www.rivera.gub.uy\/portal\/wp-json\/wp\/v2\/media?parent=4002"}],"wp:term":[{"taxonomy":"post_tag","embeddable":true,"href":"https:\/\/www.rivera.gub.uy\/portal\/wp-json\/wp\/v2\/tags?post=4002"},{"taxonomy":"tribe_events_cat","embeddable":true,"href":"https:\/\/www.rivera.gub.uy\/portal\/wp-json\/wp\/v2\/tribe_events_cat?post=4002"}],"curies":[{"name":"wp","href":"https:\/\/api.w.org\/{rel}","templated":true}]}}

<p>Este jueves 11 de enero, el Intendente (i) Richard Sander visitará las nuevas obras que se estan realizando en el barrio Santa Isabel, de la ciudad de Rivera.</p>
<p>La recorrida comenzará a las 1o horas y contará con la presencia de varias autoridades de la dirección general de obras.</p>

<p>Este jueves 11 de enero, el Intendente (i) Richard Sander visitará las nuevas obras que se estan realizando en el barrio Santa Isabel, de la ciudad de Rivera. La recorrida comenzará a las 1o horas y contará con la presencia de varias autoridades de la dirección general de obras.</p>
