{"id":4154,"date":"2018-01-15T10:19:33","date_gmt":"2018-01-15T12:19:33","guid":{"rendered":"http:\/\/www.rivera.gub.uy\/portal\/?post_type=tribe_events&#038;p=4154"},"modified":"2018-01-15T10:23:14","modified_gmt":"2018-01-15T12:23:14","slug":"recorrida-de-obras-por-barrio-piedra-furada","status":"publish","type":"tribe_events","link":"https:\/\/www.rivera.gub.uy\/portal\/evento\/recorrida-de-obras-por-barrio-piedra-furada\/","title":{"rendered":"Recorrida de obras por barrio Piedra Furada"},"content":{"rendered":"<p>Este lunes 15 de enero, el Intendente (i) Richard Sander visitar\u00e1 las nuevas obras que se est\u00e1n realizando en el barrio Piedra Furada, de la ciudad de Rivera.<\/p>\n<p>La recorrida comenzar\u00e1 a las 11 horas y contar\u00e1 con la presencia de varias autoridades de la direcci\u00f3n general de obras.<\/p>\n","protected":false},"excerpt":{"rendered":"<p>Este lunes 15 de enero, el Intendente (i) Richard Sander visitar\u00e1 las nuevas obras que se est\u00e1n realizando en el barrio Piedra Furada, de la ciudad de Rivera. La recorrida comenzar\u00e1 a las 11 horas y contar\u00e1 con la presencia de varias autoridades de la direcci\u00f3n general de obras.<\/p>\n","protected":false},"author":7,"featured_media":0,"template":"","meta":{"_tribe_events_status":"","_tribe_events_status_reason":"","footnotes":""},"tags":[36,81,385,371,33],"tribe_events_cat":[302],"class_list":["post-4154","tribe_events","type-tribe_events","status-publish","hentry","tag-intendencia","tag-obras","tag-piedra-furada","tag-recorrida","tag-rivera","tribe_events_cat-idr","cat_idr"],"_links":{"self":[{"href":"https:\/\/www.rivera.gub.uy\/portal\/wp-json\/wp\/v2\/tribe_events\/4154","targetHints":{"allow":["GET"]}}],"collection":[{"href":"https:\/\/www.rivera.gub.uy\/portal\/wp-json\/wp\/v2\/tribe_events"}],"about":[{"href":"https:\/\/www.rivera.gub.uy\/portal\/wp-json\/wp\/v2\/types\/tribe_events"}],"author":[{"embeddable":true,"href":"https:\/\/www.rivera.gub.uy\/portal\/wp-json\/wp\/v2\/users\/7"}],"version-history":[{"count":2,"href":"https:\/\/www.rivera.gub.uy\/portal\/wp-json\/wp\/v2\/tribe_events\/4154\/revisions"}],"predecessor-version":[{"id":4156,"href":"https:\/\/www.rivera.gub.uy\/portal\/wp-json\/wp\/v2\/tribe_events\/4154\/revisions\/4156"}],"wp:attachment":[{"href":"https:\/\/www.rivera.gub.uy\/portal\/wp-json\/wp\/v2\/media?parent=4154"}],"wp:term":[{"taxonomy":"post_tag","embeddable":true,"href":"https:\/\/www.rivera.gub.uy\/portal\/wp-json\/wp\/v2\/tags?post=4154"},{"taxonomy":"tribe_events_cat","embeddable":true,"href":"https:\/\/www.rivera.gub.uy\/portal\/wp-json\/wp\/v2\/tribe_events_cat?post=4154"}],"curies":[{"name":"wp","href":"https:\/\/api.w.org\/{rel}","templated":true}]}}

<p>Este lunes 15 de enero, el Intendente (i) Richard Sander visitará las nuevas obras que se están realizando en el barrio Piedra Furada, de la ciudad de Rivera.</p>
<p>La recorrida comenzará a las 11 horas y contará con la presencia de varias autoridades de la dirección general de obras.</p>

<p>Este lunes 15 de enero, el Intendente (i) Richard Sander visitará las nuevas obras que se están realizando en el barrio Piedra Furada, de la ciudad de Rivera. La recorrida comenzará a las 11 horas y contará con la presencia de varias autoridades de la dirección general de obras.</p>
