{"id":4161,"date":"2018-01-15T10:36:42","date_gmt":"2018-01-15T12:36:42","guid":{"rendered":"http:\/\/www.rivera.gub.uy\/portal\/?post_type=tribe_events&#038;p=4161"},"modified":"2018-01-15T10:36:42","modified_gmt":"2018-01-15T12:36:42","slug":"recorrida-de-obras-por-el-barrio-lagunon","status":"publish","type":"tribe_events","link":"https:\/\/www.rivera.gub.uy\/portal\/evento\/recorrida-de-obras-por-el-barrio-lagunon\/","title":{"rendered":"Recorrida de obras por el barrio Lagun\u00f3n"},"content":{"rendered":"<p>Este mi\u00e9rcoles 17 de enero, el Intendente (i) Richard Sander visitar\u00e1 las nuevas obras que se est\u00e1n realizando en el barrio Lagun\u00f3n, de la ciudad de Rivera.<\/p>\n<p>La recorrida comenzar\u00e1 a las 1o horas y contar\u00e1 con la presencia de varias autoridades de la direcci\u00f3n general de obras.<\/p>\n","protected":false},"excerpt":{"rendered":"<p>Este mi\u00e9rcoles 17 de enero, el Intendente (i) Richard Sander visitar\u00e1 las nuevas obras que se est\u00e1n realizando en el barrio Lagun\u00f3n, de la ciudad de Rivera. La recorrida comenzar\u00e1 a las 1o horas y contar\u00e1 con la presencia de varias autoridades de la direcci\u00f3n general de obras.<\/p>\n","protected":false},"author":7,"featured_media":0,"template":"","meta":{"_tribe_events_status":"","_tribe_events_status_reason":"","footnotes":""},"tags":[36,386,81,371,33],"tribe_events_cat":[302],"class_list":["post-4161","tribe_events","type-tribe_events","status-publish","hentry","tag-intendencia","tag-lagunon","tag-obras","tag-recorrida","tag-rivera","tribe_events_cat-idr","cat_idr"],"_links":{"self":[{"href":"https:\/\/www.rivera.gub.uy\/portal\/wp-json\/wp\/v2\/tribe_events\/4161","targetHints":{"allow":["GET"]}}],"collection":[{"href":"https:\/\/www.rivera.gub.uy\/portal\/wp-json\/wp\/v2\/tribe_events"}],"about":[{"href":"https:\/\/www.rivera.gub.uy\/portal\/wp-json\/wp\/v2\/types\/tribe_events"}],"author":[{"embeddable":true,"href":"https:\/\/www.rivera.gub.uy\/portal\/wp-json\/wp\/v2\/users\/7"}],"version-history":[{"count":1,"href":"https:\/\/www.rivera.gub.uy\/portal\/wp-json\/wp\/v2\/tribe_events\/4161\/revisions"}],"predecessor-version":[{"id":4162,"href":"https:\/\/www.rivera.gub.uy\/portal\/wp-json\/wp\/v2\/tribe_events\/4161\/revisions\/4162"}],"wp:attachment":[{"href":"https:\/\/www.rivera.gub.uy\/portal\/wp-json\/wp\/v2\/media?parent=4161"}],"wp:term":[{"taxonomy":"post_tag","embeddable":true,"href":"https:\/\/www.rivera.gub.uy\/portal\/wp-json\/wp\/v2\/tags?post=4161"},{"taxonomy":"tribe_events_cat","embeddable":true,"href":"https:\/\/www.rivera.gub.uy\/portal\/wp-json\/wp\/v2\/tribe_events_cat?post=4161"}],"curies":[{"name":"wp","href":"https:\/\/api.w.org\/{rel}","templated":true}]}}

Recorrida de obras por el barrio Lagunón

<p>Este miércoles 17 de enero, el Intendente (i) Richard Sander visitará las nuevas obras que se están realizando en el barrio Lagunón, de la ciudad de Rivera.</p>
<p>La recorrida comenzará a las 1o horas y contará con la presencia de varias autoridades de la dirección general de obras.</p>

<p>Este miércoles 17 de enero, el Intendente (i) Richard Sander visitará las nuevas obras que se están realizando en el barrio Lagunón, de la ciudad de Rivera. La recorrida comenzará a las 1o horas y contará con la presencia de varias autoridades de la dirección general de obras.</p>
