{"id":4298,"date":"2018-02-02T15:11:48","date_gmt":"2018-02-02T17:11:48","guid":{"rendered":"http:\/\/www.rivera.gub.uy\/portal\/?post_type=tribe_events&#038;p=4298"},"modified":"2018-02-02T15:11:48","modified_gmt":"2018-02-02T17:11:48","slug":"lanzamiento-de-la-27o-fiesta-de-la-sandia-y-la-forestacion","status":"publish","type":"tribe_events","link":"https:\/\/www.rivera.gub.uy\/portal\/evento\/lanzamiento-de-la-27o-fiesta-de-la-sandia-y-la-forestacion\/","title":{"rendered":"Lanzamiento de la 27\u00ba Fiesta de la Sand\u00eda y la Forestaci\u00f3n"},"content":{"rendered":"<p>Este lunes 5 de febrero, se realizar\u00e1 el lanzamiento de la 27\u00ba Fiesta de la Sand\u00eda y la Forestaci\u00f3n en la ciudad de Tranqueras.<\/p>\n<p>El evento tendr\u00e1 lugar en la Sala de Conferencias de la IDR, a las 9 horas.<\/p>\n<p>La 27\u00ba Fiesta de la Sand\u00eda y la Forestaci\u00f3n se llevar\u00e1 a cabo los d\u00edas 9, 10 y 11 de febrero, en la ciudad de Tranqueras.<\/p>\n<p><a href=\"http:\/\/www.rivera.gub.uy\/portal\/wp-content\/uploads\/2018\/02\/25390710-ea5f-471f-b5b7-c8d9b563a133.jpg\"><img loading=\"lazy\" decoding=\"async\" class=\"aligncenter wp-image-4301 size-medium\" src=\"http:\/\/www.rivera.gub.uy\/portal\/wp-content\/uploads\/2018\/02\/25390710-ea5f-471f-b5b7-c8d9b563a133-266x188.jpg\" alt=\"\" width=\"266\" height=\"188\" srcset=\"https:\/\/www.rivera.gub.uy\/portal\/wp-content\/uploads\/2018\/02\/25390710-ea5f-471f-b5b7-c8d9b563a133-266x188.jpg 266w, https:\/\/www.rivera.gub.uy\/portal\/wp-content\/uploads\/2018\/02\/25390710-ea5f-471f-b5b7-c8d9b563a133-133x94.jpg 133w, https:\/\/www.rivera.gub.uy\/portal\/wp-content\/uploads\/2018\/02\/25390710-ea5f-471f-b5b7-c8d9b563a133-768x543.jpg 768w, https:\/\/www.rivera.gub.uy\/portal\/wp-content\/uploads\/2018\/02\/25390710-ea5f-471f-b5b7-c8d9b563a133-886x626.jpg 886w, https:\/\/www.rivera.gub.uy\/portal\/wp-content\/uploads\/2018\/02\/25390710-ea5f-471f-b5b7-c8d9b563a133-820x580.jpg 820w, https:\/\/www.rivera.gub.uy\/portal\/wp-content\/uploads\/2018\/02\/25390710-ea5f-471f-b5b7-c8d9b563a133.jpg 1600w\" sizes=\"auto, (max-width: 266px) 100vw, 266px\" \/><\/a><\/p>\n","protected":false},"excerpt":{"rendered":"<p>Este lunes 5 de febrero, se realizar\u00e1 el lanzamiento de la 27\u00ba Fiesta de la Sand\u00eda y la Forestaci\u00f3n en la ciudad de Tranqueras. El evento tendr\u00e1 lugar en la Sala de Conferencias de la IDR, a las 9 horas. La 27\u00ba Fiesta de la Sand\u00eda y la Forestaci\u00f3n se llevar\u00e1 a cabo los d\u00edas [&hellip;]<\/p>\n","protected":false},"author":7,"featured_media":4300,"template":"","meta":{"_tribe_events_status":"","_tribe_events_status_reason":"","footnotes":""},"tags":[74,36,33,272,72],"tribe_events_cat":[302],"class_list":["post-4298","tribe_events","type-tribe_events","status-publish","has-post-thumbnail","hentry","tag-forestacion","tag-intendencia","tag-rivera","tag-sandia","tag-tranqueras","tribe_events_cat-idr","cat_idr"],"_links":{"self":[{"href":"https:\/\/www.rivera.gub.uy\/portal\/wp-json\/wp\/v2\/tribe_events\/4298","targetHints":{"allow":["GET"]}}],"collection":[{"href":"https:\/\/www.rivera.gub.uy\/portal\/wp-json\/wp\/v2\/tribe_events"}],"about":[{"href":"https:\/\/www.rivera.gub.uy\/portal\/wp-json\/wp\/v2\/types\/tribe_events"}],"author":[{"embeddable":true,"href":"https:\/\/www.rivera.gub.uy\/portal\/wp-json\/wp\/v2\/users\/7"}],"version-history":[{"count":2,"href":"https:\/\/www.rivera.gub.uy\/portal\/wp-json\/wp\/v2\/tribe_events\/4298\/revisions"}],"predecessor-version":[{"id":4302,"href":"https:\/\/www.rivera.gub.uy\/portal\/wp-json\/wp\/v2\/tribe_events\/4298\/revisions\/4302"}],"wp:featuredmedia":[{"embeddable":true,"href":"https:\/\/www.rivera.gub.uy\/portal\/wp-json\/wp\/v2\/media\/4300"}],"wp:attachment":[{"href":"https:\/\/www.rivera.gub.uy\/portal\/wp-json\/wp\/v2\/media?parent=4298"}],"wp:term":[{"taxonomy":"post_tag","embeddable":true,"href":"https:\/\/www.rivera.gub.uy\/portal\/wp-json\/wp\/v2\/tags?post=4298"},{"taxonomy":"tribe_events_cat","embeddable":true,"href":"https:\/\/www.rivera.gub.uy\/portal\/wp-json\/wp\/v2\/tribe_events_cat?post=4298"}],"curies":[{"name":"wp","href":"https:\/\/api.w.org\/{rel}","templated":true}]}}

Lanzamiento de la 27º Fiesta de la Sandía y la Forestación

<p>Este lunes 5 de febrero, se realizará el lanzamiento de la 27º Fiesta de la Sandía y la Forestación en la ciudad de Tranqueras.</p>
<p>El evento tendrá lugar en la Sala de Conferencias de la IDR, a las 9 horas.</p>
<p>La 27º Fiesta de la Sandía y la Forestación se llevará a cabo los días 9, 10 y 11 de febrero, en la ciudad de Tranqueras.</p>
<p><a href="http://www.rivera.gub.uy/portal/wp-content/uploads/2018/02/25390710-ea5f-471f-b5b7-c8d9b563a133.jpg"><img loading="lazy" decoding="async" class="aligncenter wp-image-4301 size-medium" src="http://www.rivera.gub.uy/portal/wp-content/uploads/2018/02/25390710-ea5f-471f-b5b7-c8d9b563a133-266x188.jpg" alt="" width="266" height="188" srcset="https://www.rivera.gub.uy/portal/wp-content/uploads/2018/02/25390710-ea5f-471f-b5b7-c8d9b563a133-266x188.jpg 266w, https://www.rivera.gub.uy/portal/wp-content/uploads/2018/02/25390710-ea5f-471f-b5b7-c8d9b563a133-133x94.jpg 133w, https://www.rivera.gub.uy/portal/wp-content/uploads/2018/02/25390710-ea5f-471f-b5b7-c8d9b563a133-768x543.jpg 768w, https://www.rivera.gub.uy/portal/wp-content/uploads/2018/02/25390710-ea5f-471f-b5b7-c8d9b563a133-886x626.jpg 886w, https://www.rivera.gub.uy/portal/wp-content/uploads/2018/02/25390710-ea5f-471f-b5b7-c8d9b563a133-820x580.jpg 820w, https://www.rivera.gub.uy/portal/wp-content/uploads/2018/02/25390710-ea5f-471f-b5b7-c8d9b563a133.jpg 1600w" sizes="auto, (max-width: 266px) 100vw, 266px" /></a></p>

<p>Este lunes 5 de febrero, se realizará el lanzamiento de la 27º Fiesta de la Sandía y la Forestación en la ciudad de Tranqueras. El evento tendrá lugar en la Sala de Conferencias de la IDR, a las 9 horas. La 27º Fiesta de la Sandía y la Forestación se llevará a cabo los días [&hellip;]</p>
