{"id":4816,"date":"2018-03-24T14:26:22","date_gmt":"2018-03-24T17:26:22","guid":{"rendered":"http:\/\/www.rivera.gub.uy\/portal\/?post_type=tribe_events&#038;p=4816"},"modified":"2018-03-24T14:26:41","modified_gmt":"2018-03-24T17:26:41","slug":"vi-feria-binacional-de-pacua","status":"publish","type":"tribe_events","link":"https:\/\/www.rivera.gub.uy\/portal\/evento\/vi-feria-binacional-de-pacua\/","title":{"rendered":"VI Feria Binacional de Pascua"},"content":{"rendered":"<p>El domingo 25 de marzo, comenzar\u00e1n las actividades enmarcadas en la VI Feria Binacional de Pascua.<\/p>\n<p>La jornada iniciar\u00e1 en Plaza Flores a las 16 horas y contar\u00e1 con juegos, actividades al aire libre y shows en vivo de Diego Imbernon y S\u00f3 Gaita\u00e7o.<\/p>\n<p><a href=\"http:\/\/www.rivera.gub.uy\/portal\/wp-content\/uploads\/2018\/03\/Banner-pascua-02-1.png\"><img loading=\"lazy\" decoding=\"async\" class=\"aligncenter wp-image-4817 size-medium\" src=\"http:\/\/www.rivera.gub.uy\/portal\/wp-content\/uploads\/2018\/03\/Banner-pascua-02-1-188x188.png\" alt=\"\" width=\"188\" height=\"188\" srcset=\"https:\/\/www.rivera.gub.uy\/portal\/wp-content\/uploads\/2018\/03\/Banner-pascua-02-1-188x188.png 188w, https:\/\/www.rivera.gub.uy\/portal\/wp-content\/uploads\/2018\/03\/Banner-pascua-02-1-94x94.png 94w, https:\/\/www.rivera.gub.uy\/portal\/wp-content\/uploads\/2018\/03\/Banner-pascua-02-1-768x768.png 768w, https:\/\/www.rivera.gub.uy\/portal\/wp-content\/uploads\/2018\/03\/Banner-pascua-02-1-626x626.png 626w, https:\/\/www.rivera.gub.uy\/portal\/wp-content\/uploads\/2018\/03\/Banner-pascua-02-1-820x820.png 820w, https:\/\/www.rivera.gub.uy\/portal\/wp-content\/uploads\/2018\/03\/Banner-pascua-02-1.png 1000w\" sizes=\"auto, (max-width: 188px) 100vw, 188px\" \/><\/a><\/p>\n","protected":false},"excerpt":{"rendered":"<p>El domingo 25 de marzo, comenzar\u00e1n las actividades enmarcadas en la VI Feria Binacional de Pascua. La jornada iniciar\u00e1 en Plaza Flores a las 16 horas y contar\u00e1 con juegos, actividades al aire libre y shows en vivo de Diego Imbernon y S\u00f3 Gaita\u00e7o.<\/p>\n","protected":false},"author":7,"featured_media":4817,"template":"","meta":{"_tribe_events_status":"","_tribe_events_status_reason":"","footnotes":""},"tags":[103,457,36,452,33],"tribe_events_cat":[253,302,456],"class_list":["post-4816","tribe_events","type-tribe_events","status-publish","has-post-thumbnail","hentry","tag-binacional","tag-feria","tag-intendencia","tag-pascua","tag-rivera","tribe_events_cat-cultura","tribe_events_cat-idr","tribe_events_cat-turismo","cat_cultura","cat_idr","cat_turismo"],"_links":{"self":[{"href":"https:\/\/www.rivera.gub.uy\/portal\/wp-json\/wp\/v2\/tribe_events\/4816","targetHints":{"allow":["GET"]}}],"collection":[{"href":"https:\/\/www.rivera.gub.uy\/portal\/wp-json\/wp\/v2\/tribe_events"}],"about":[{"href":"https:\/\/www.rivera.gub.uy\/portal\/wp-json\/wp\/v2\/types\/tribe_events"}],"author":[{"embeddable":true,"href":"https:\/\/www.rivera.gub.uy\/portal\/wp-json\/wp\/v2\/users\/7"}],"version-history":[{"count":2,"href":"https:\/\/www.rivera.gub.uy\/portal\/wp-json\/wp\/v2\/tribe_events\/4816\/revisions"}],"predecessor-version":[{"id":4819,"href":"https:\/\/www.rivera.gub.uy\/portal\/wp-json\/wp\/v2\/tribe_events\/4816\/revisions\/4819"}],"wp:featuredmedia":[{"embeddable":true,"href":"https:\/\/www.rivera.gub.uy\/portal\/wp-json\/wp\/v2\/media\/4817"}],"wp:attachment":[{"href":"https:\/\/www.rivera.gub.uy\/portal\/wp-json\/wp\/v2\/media?parent=4816"}],"wp:term":[{"taxonomy":"post_tag","embeddable":true,"href":"https:\/\/www.rivera.gub.uy\/portal\/wp-json\/wp\/v2\/tags?post=4816"},{"taxonomy":"tribe_events_cat","embeddable":true,"href":"https:\/\/www.rivera.gub.uy\/portal\/wp-json\/wp\/v2\/tribe_events_cat?post=4816"}],"curies":[{"name":"wp","href":"https:\/\/api.w.org\/{rel}","templated":true}]}}

<p>El domingo 25 de marzo, comenzarán las actividades enmarcadas en la VI Feria Binacional de Pascua.</p>
<p>La jornada iniciará en Plaza Flores a las 16 horas y contará con juegos, actividades al aire libre y shows en vivo de Diego Imbernon y Só Gaitaço.</p>
<p><a href="http://www.rivera.gub.uy/portal/wp-content/uploads/2018/03/Banner-pascua-02-1.png"><img loading="lazy" decoding="async" class="aligncenter wp-image-4817 size-medium" src="http://www.rivera.gub.uy/portal/wp-content/uploads/2018/03/Banner-pascua-02-1-188x188.png" alt="" width="188" height="188" srcset="https://www.rivera.gub.uy/portal/wp-content/uploads/2018/03/Banner-pascua-02-1-188x188.png 188w, https://www.rivera.gub.uy/portal/wp-content/uploads/2018/03/Banner-pascua-02-1-94x94.png 94w, https://www.rivera.gub.uy/portal/wp-content/uploads/2018/03/Banner-pascua-02-1-768x768.png 768w, https://www.rivera.gub.uy/portal/wp-content/uploads/2018/03/Banner-pascua-02-1-626x626.png 626w, https://www.rivera.gub.uy/portal/wp-content/uploads/2018/03/Banner-pascua-02-1-820x820.png 820w, https://www.rivera.gub.uy/portal/wp-content/uploads/2018/03/Banner-pascua-02-1.png 1000w" sizes="auto, (max-width: 188px) 100vw, 188px" /></a></p>

<p>El domingo 25 de marzo, comenzarán las actividades enmarcadas en la VI Feria Binacional de Pascua. La jornada iniciará en Plaza Flores a las 16 horas y contará con juegos, actividades al aire libre y shows en vivo de Diego Imbernon y Só Gaitaço.</p>
