{"id":4948,"date":"2018-04-09T10:37:44","date_gmt":"2018-04-09T13:37:44","guid":{"rendered":"http:\/\/www.rivera.gub.uy\/portal\/?post_type=tribe_events&#038;p=4948"},"modified":"2018-04-09T10:38:03","modified_gmt":"2018-04-09T13:38:03","slug":"choriceva-2018","status":"publish","type":"tribe_events","link":"https:\/\/www.rivera.gub.uy\/portal\/evento\/choriceva-2018\/","title":{"rendered":"Choriceva 2018"},"content":{"rendered":"<p>Este s\u00e1bado 14 de abril, se llevar\u00e1 a cabo una nueva edici\u00f3n de Choriceva.<\/p>\n<p>El evento tendr\u00e1 lugar en el Parque Internacional, a las 16 horas.<\/p>\n<p><a href=\"http:\/\/www.rivera.gub.uy\/portal\/wp-content\/uploads\/2018\/04\/ChoriCeva-2018.jpg\"><img loading=\"lazy\" decoding=\"async\" class=\"aligncenter wp-image-4949 size-medium\" src=\"http:\/\/www.rivera.gub.uy\/portal\/wp-content\/uploads\/2018\/04\/ChoriCeva-2018-133x188.jpg\" alt=\"\" width=\"133\" height=\"188\" srcset=\"https:\/\/www.rivera.gub.uy\/portal\/wp-content\/uploads\/2018\/04\/ChoriCeva-2018-133x188.jpg 133w, https:\/\/www.rivera.gub.uy\/portal\/wp-content\/uploads\/2018\/04\/ChoriCeva-2018-66x94.jpg 66w, https:\/\/www.rivera.gub.uy\/portal\/wp-content\/uploads\/2018\/04\/ChoriCeva-2018-443x626.jpg 443w, https:\/\/www.rivera.gub.uy\/portal\/wp-content\/uploads\/2018\/04\/ChoriCeva-2018.jpg 679w\" sizes=\"auto, (max-width: 133px) 100vw, 133px\" \/><\/a><\/p>\n","protected":false},"excerpt":{"rendered":"<p>Este s\u00e1bado 14 de abril, se llevar\u00e1 a cabo una nueva edici\u00f3n de Choriceva. El evento tendr\u00e1 lugar en el Parque Internacional, a las 16 horas.<\/p>\n","protected":false},"author":7,"featured_media":4950,"template":"","meta":{"_tribe_events_status":"","_tribe_events_status_reason":"","footnotes":""},"tags":[103,261,36,33],"tribe_events_cat":[302],"class_list":["post-4948","tribe_events","type-tribe_events","status-publish","has-post-thumbnail","hentry","tag-binacional","tag-choriceva","tag-intendencia","tag-rivera","tribe_events_cat-idr","cat_idr"],"_links":{"self":[{"href":"https:\/\/www.rivera.gub.uy\/portal\/wp-json\/wp\/v2\/tribe_events\/4948","targetHints":{"allow":["GET"]}}],"collection":[{"href":"https:\/\/www.rivera.gub.uy\/portal\/wp-json\/wp\/v2\/tribe_events"}],"about":[{"href":"https:\/\/www.rivera.gub.uy\/portal\/wp-json\/wp\/v2\/types\/tribe_events"}],"author":[{"embeddable":true,"href":"https:\/\/www.rivera.gub.uy\/portal\/wp-json\/wp\/v2\/users\/7"}],"version-history":[{"count":1,"href":"https:\/\/www.rivera.gub.uy\/portal\/wp-json\/wp\/v2\/tribe_events\/4948\/revisions"}],"predecessor-version":[{"id":4951,"href":"https:\/\/www.rivera.gub.uy\/portal\/wp-json\/wp\/v2\/tribe_events\/4948\/revisions\/4951"}],"wp:featuredmedia":[{"embeddable":true,"href":"https:\/\/www.rivera.gub.uy\/portal\/wp-json\/wp\/v2\/media\/4950"}],"wp:attachment":[{"href":"https:\/\/www.rivera.gub.uy\/portal\/wp-json\/wp\/v2\/media?parent=4948"}],"wp:term":[{"taxonomy":"post_tag","embeddable":true,"href":"https:\/\/www.rivera.gub.uy\/portal\/wp-json\/wp\/v2\/tags?post=4948"},{"taxonomy":"tribe_events_cat","embeddable":true,"href":"https:\/\/www.rivera.gub.uy\/portal\/wp-json\/wp\/v2\/tribe_events_cat?post=4948"}],"curies":[{"name":"wp","href":"https:\/\/api.w.org\/{rel}","templated":true}]}}

<p>Este sábado 14 de abril, se llevará a cabo una nueva edición de Choriceva.</p>
<p>El evento tendrá lugar en el Parque Internacional, a las 16 horas.</p>
<p><a href="http://www.rivera.gub.uy/portal/wp-content/uploads/2018/04/ChoriCeva-2018.jpg"><img loading="lazy" decoding="async" class="aligncenter wp-image-4949 size-medium" src="http://www.rivera.gub.uy/portal/wp-content/uploads/2018/04/ChoriCeva-2018-133x188.jpg" alt="" width="133" height="188" srcset="https://www.rivera.gub.uy/portal/wp-content/uploads/2018/04/ChoriCeva-2018-133x188.jpg 133w, https://www.rivera.gub.uy/portal/wp-content/uploads/2018/04/ChoriCeva-2018-66x94.jpg 66w, https://www.rivera.gub.uy/portal/wp-content/uploads/2018/04/ChoriCeva-2018-443x626.jpg 443w, https://www.rivera.gub.uy/portal/wp-content/uploads/2018/04/ChoriCeva-2018.jpg 679w" sizes="auto, (max-width: 133px) 100vw, 133px" /></a></p>

<p>Este sábado 14 de abril, se llevará a cabo una nueva edición de Choriceva. El evento tendrá lugar en el Parque Internacional, a las 16 horas.</p>
