{"id":5221,"date":"2018-04-19T12:40:05","date_gmt":"2018-04-19T15:40:05","guid":{"rendered":"http:\/\/www.rivera.gub.uy\/portal\/?post_type=tribe_events&#038;p=5221"},"modified":"2018-04-19T12:45:11","modified_gmt":"2018-04-19T15:45:11","slug":"cierre-de-la-muestra-itinerante-del-premio-nacional-de-urbanismo","status":"publish","type":"tribe_events","link":"https:\/\/www.rivera.gub.uy\/portal\/evento\/cierre-de-la-muestra-itinerante-del-premio-nacional-de-urbanismo\/","title":{"rendered":"Cierre de la Muestra Itinerante del Premio Nacional de Urbanismo"},"content":{"rendered":"<p>Este mi\u00e9rcoles 25 de abril, se realizar\u00e1 el cierre de la Muestra Itinerante del Premio Nacional de Urbanismo.<\/p>\n<p>El mismo se llevar\u00e1 a cabo en el hall de la Intendencia Departamental de Rivera, a las 11 horas.<\/p>\n<div id='gallery-1' class='gallery galleryid-5221 gallery-columns-3 gallery-size-medium'><figure class='gallery-item'>\n\t\t\t<div class='gallery-icon landscape'>\n\t\t\t\t<a href='https:\/\/www.rivera.gub.uy\/portal\/wp-content\/uploads\/2018\/04\/invitacionrivera.jpg'><img loading=\"lazy\" decoding=\"async\" width=\"200\" height=\"188\" src=\"https:\/\/www.rivera.gub.uy\/portal\/wp-content\/uploads\/2018\/04\/invitacionrivera-200x188.jpg\" class=\"attachment-medium size-medium\" alt=\"\" srcset=\"https:\/\/www.rivera.gub.uy\/portal\/wp-content\/uploads\/2018\/04\/invitacionrivera-200x188.jpg 200w, https:\/\/www.rivera.gub.uy\/portal\/wp-content\/uploads\/2018\/04\/invitacionrivera-100x94.jpg 100w, https:\/\/www.rivera.gub.uy\/portal\/wp-content\/uploads\/2018\/04\/invitacionrivera-768x721.jpg 768w, https:\/\/www.rivera.gub.uy\/portal\/wp-content\/uploads\/2018\/04\/invitacionrivera-667x626.jpg 667w, https:\/\/www.rivera.gub.uy\/portal\/wp-content\/uploads\/2018\/04\/invitacionrivera-820x770.jpg 820w\" sizes=\"auto, (max-width: 200px) 100vw, 200px\" \/><\/a>\n\t\t\t<\/div><\/figure><figure class='gallery-item'>\n\t\t\t<div class='gallery-icon landscape'>\n\t\t\t\t<a href='https:\/\/www.rivera.gub.uy\/portal\/wp-content\/uploads\/2018\/04\/redessocialeseventocierre25-1.jpg'><img loading=\"lazy\" decoding=\"async\" width=\"224\" height=\"188\" src=\"https:\/\/www.rivera.gub.uy\/portal\/wp-content\/uploads\/2018\/04\/redessocialeseventocierre25-1-224x188.jpg\" class=\"attachment-medium size-medium\" alt=\"\" srcset=\"https:\/\/www.rivera.gub.uy\/portal\/wp-content\/uploads\/2018\/04\/redessocialeseventocierre25-1-224x188.jpg 224w, https:\/\/www.rivera.gub.uy\/portal\/wp-content\/uploads\/2018\/04\/redessocialeseventocierre25-1-112x94.jpg 112w, https:\/\/www.rivera.gub.uy\/portal\/wp-content\/uploads\/2018\/04\/redessocialeseventocierre25-1-768x645.jpg 768w, https:\/\/www.rivera.gub.uy\/portal\/wp-content\/uploads\/2018\/04\/redessocialeseventocierre25-1-745x626.jpg 745w, https:\/\/www.rivera.gub.uy\/portal\/wp-content\/uploads\/2018\/04\/redessocialeseventocierre25-1-820x689.jpg 820w, https:\/\/www.rivera.gub.uy\/portal\/wp-content\/uploads\/2018\/04\/redessocialeseventocierre25-1.jpg 1959w\" sizes=\"auto, (max-width: 224px) 100vw, 224px\" \/><\/a>\n\t\t\t<\/div><\/figure><figure class='gallery-item'>\n\t\t\t<div class='gallery-icon landscape'>\n\t\t\t\t<a href='https:\/\/www.rivera.gub.uy\/portal\/wp-content\/uploads\/2018\/04\/redessocialesmuestra.jpg'><img loading=\"lazy\" decoding=\"async\" width=\"224\" height=\"188\" src=\"https:\/\/www.rivera.gub.uy\/portal\/wp-content\/uploads\/2018\/04\/redessocialesmuestra-224x188.jpg\" class=\"attachment-medium size-medium\" alt=\"\" srcset=\"https:\/\/www.rivera.gub.uy\/portal\/wp-content\/uploads\/2018\/04\/redessocialesmuestra-224x188.jpg 224w, https:\/\/www.rivera.gub.uy\/portal\/wp-content\/uploads\/2018\/04\/redessocialesmuestra-112x94.jpg 112w, https:\/\/www.rivera.gub.uy\/portal\/wp-content\/uploads\/2018\/04\/redessocialesmuestra-768x645.jpg 768w, https:\/\/www.rivera.gub.uy\/portal\/wp-content\/uploads\/2018\/04\/redessocialesmuestra-745x626.jpg 745w, https:\/\/www.rivera.gub.uy\/portal\/wp-content\/uploads\/2018\/04\/redessocialesmuestra-820x689.jpg 820w, https:\/\/www.rivera.gub.uy\/portal\/wp-content\/uploads\/2018\/04\/redessocialesmuestra.jpg 1959w\" sizes=\"auto, (max-width: 224px) 100vw, 224px\" \/><\/a>\n\t\t\t<\/div><\/figure>\n\t\t<\/div>\n\n<p>&nbsp;<\/p>\n","protected":false},"excerpt":{"rendered":"<p>Este mi\u00e9rcoles 25 de abril, se realizar\u00e1 el cierre de la Muestra Itinerante del Premio Nacional de Urbanismo. El mismo se llevar\u00e1 a cabo en el hall de la Intendencia Departamental de Rivera, a las 11 horas. &nbsp;<\/p>\n","protected":false},"author":7,"featured_media":5224,"template":"","meta":{"_tribe_events_status":"","_tribe_events_status_reason":"","footnotes":""},"tags":[36,483,268,484,33],"tribe_events_cat":[302],"class_list":["post-5221","tribe_events","type-tribe_events","status-publish","has-post-thumbnail","hentry","tag-intendencia","tag-muestra","tag-mvotma","tag-ordenamiento-territorial","tag-rivera","tribe_events_cat-idr","cat_idr"],"_links":{"self":[{"href":"https:\/\/www.rivera.gub.uy\/portal\/wp-json\/wp\/v2\/tribe_events\/5221","targetHints":{"allow":["GET"]}}],"collection":[{"href":"https:\/\/www.rivera.gub.uy\/portal\/wp-json\/wp\/v2\/tribe_events"}],"about":[{"href":"https:\/\/www.rivera.gub.uy\/portal\/wp-json\/wp\/v2\/types\/tribe_events"}],"author":[{"embeddable":true,"href":"https:\/\/www.rivera.gub.uy\/portal\/wp-json\/wp\/v2\/users\/7"}],"version-history":[{"count":2,"href":"https:\/\/www.rivera.gub.uy\/portal\/wp-json\/wp\/v2\/tribe_events\/5221\/revisions"}],"predecessor-version":[{"id":5229,"href":"https:\/\/www.rivera.gub.uy\/portal\/wp-json\/wp\/v2\/tribe_events\/5221\/revisions\/5229"}],"wp:featuredmedia":[{"embeddable":true,"href":"https:\/\/www.rivera.gub.uy\/portal\/wp-json\/wp\/v2\/media\/5224"}],"wp:attachment":[{"href":"https:\/\/www.rivera.gub.uy\/portal\/wp-json\/wp\/v2\/media?parent=5221"}],"wp:term":[{"taxonomy":"post_tag","embeddable":true,"href":"https:\/\/www.rivera.gub.uy\/portal\/wp-json\/wp\/v2\/tags?post=5221"},{"taxonomy":"tribe_events_cat","embeddable":true,"href":"https:\/\/www.rivera.gub.uy\/portal\/wp-json\/wp\/v2\/tribe_events_cat?post=5221"}],"curies":[{"name":"wp","href":"https:\/\/api.w.org\/{rel}","templated":true}]}}

<p>Este miércoles 25 de abril, se realizará el cierre de la Muestra Itinerante del Premio Nacional de Urbanismo.</p>
<p>El mismo se llevará a cabo en el hall de la Intendencia Departamental de Rivera, a las 11 horas.</p>
<div id='gallery-1' class='gallery galleryid-5221 gallery-columns-3 gallery-size-medium'><figure class='gallery-item'>
			<div class='gallery-icon landscape'>
				<a href='https://www.rivera.gub.uy/portal/wp-content/uploads/2018/04/invitacionrivera.jpg'><img loading="lazy" decoding="async" width="200" height="188" src="https://www.rivera.gub.uy/portal/wp-content/uploads/2018/04/invitacionrivera-200x188.jpg" class="attachment-medium size-medium" alt="" srcset="https://www.rivera.gub.uy/portal/wp-content/uploads/2018/04/invitacionrivera-200x188.jpg 200w, https://www.rivera.gub.uy/portal/wp-content/uploads/2018/04/invitacionrivera-100x94.jpg 100w, https://www.rivera.gub.uy/portal/wp-content/uploads/2018/04/invitacionrivera-768x721.jpg 768w, https://www.rivera.gub.uy/portal/wp-content/uploads/2018/04/invitacionrivera-667x626.jpg 667w, https://www.rivera.gub.uy/portal/wp-content/uploads/2018/04/invitacionrivera-820x770.jpg 820w" sizes="auto, (max-width: 200px) 100vw, 200px" /></a>
			</div></figure><figure class='gallery-item'>
			<div class='gallery-icon landscape'>
				<a href='https://www.rivera.gub.uy/portal/wp-content/uploads/2018/04/redessocialeseventocierre25-1.jpg'><img loading="lazy" decoding="async" width="224" height="188" src="https://www.rivera.gub.uy/portal/wp-content/uploads/2018/04/redessocialeseventocierre25-1-224x188.jpg" class="attachment-medium size-medium" alt="" srcset="https://www.rivera.gub.uy/portal/wp-content/uploads/2018/04/redessocialeseventocierre25-1-224x188.jpg 224w, https://www.rivera.gub.uy/portal/wp-content/uploads/2018/04/redessocialeseventocierre25-1-112x94.jpg 112w, https://www.rivera.gub.uy/portal/wp-content/uploads/2018/04/redessocialeseventocierre25-1-768x645.jpg 768w, https://www.rivera.gub.uy/portal/wp-content/uploads/2018/04/redessocialeseventocierre25-1-745x626.jpg 745w, https://www.rivera.gub.uy/portal/wp-content/uploads/2018/04/redessocialeseventocierre25-1-820x689.jpg 820w, https://www.rivera.gub.uy/portal/wp-content/uploads/2018/04/redessocialeseventocierre25-1.jpg 1959w" sizes="auto, (max-width: 224px) 100vw, 224px" /></a>
			</div></figure><figure class='gallery-item'>
			<div class='gallery-icon landscape'>
				<a href='https://www.rivera.gub.uy/portal/wp-content/uploads/2018/04/redessocialesmuestra.jpg'><img loading="lazy" decoding="async" width="224" height="188" src="https://www.rivera.gub.uy/portal/wp-content/uploads/2018/04/redessocialesmuestra-224x188.jpg" class="attachment-medium size-medium" alt="" srcset="https://www.rivera.gub.uy/portal/wp-content/uploads/2018/04/redessocialesmuestra-224x188.jpg 224w, https://www.rivera.gub.uy/portal/wp-content/uploads/2018/04/redessocialesmuestra-112x94.jpg 112w, https://www.rivera.gub.uy/portal/wp-content/uploads/2018/04/redessocialesmuestra-768x645.jpg 768w, https://www.rivera.gub.uy/portal/wp-content/uploads/2018/04/redessocialesmuestra-745x626.jpg 745w, https://www.rivera.gub.uy/portal/wp-content/uploads/2018/04/redessocialesmuestra-820x689.jpg 820w, https://www.rivera.gub.uy/portal/wp-content/uploads/2018/04/redessocialesmuestra.jpg 1959w" sizes="auto, (max-width: 224px) 100vw, 224px" /></a>
			</div></figure>
		</div>

<p>&nbsp;</p>

<p>Este miércoles 25 de abril, se realizará el cierre de la Muestra Itinerante del Premio Nacional de Urbanismo. El mismo se llevará a cabo en el hall de la Intendencia Departamental de Rivera, a las 11 horas. &nbsp;</p>
