{"id":5752,"date":"2018-05-24T15:12:15","date_gmt":"2018-05-24T18:12:15","guid":{"rendered":"http:\/\/www.rivera.gub.uy\/portal\/?post_type=tribe_events&#038;p=5752"},"modified":"2018-05-24T15:12:15","modified_gmt":"2018-05-24T18:12:15","slug":"actividades-en-el-marco-del-dia-nacional-del-libro","status":"publish","type":"tribe_events","link":"https:\/\/www.rivera.gub.uy\/portal\/evento\/actividades-en-el-marco-del-dia-nacional-del-libro\/","title":{"rendered":"Actividades en el marco del D\u00eda Nacional del Libro"},"content":{"rendered":"<blockquote><p>La Biblioteca \u201cArtigas\u201d, de nuestra ciudad propone un ronda de lectura para<br \/>\ngrandes y chicos.<\/p><\/blockquote>\n<p><!--more-->Este 26 de mayo se celebra en Uruguay, el D\u00eda Nacional del Libro, motivo por<br \/>\nel cual desde la Direcci\u00f3n General de Promoci\u00f3n y Acci\u00f3n Social, a trav\u00e9s de la<br \/>\nDivisi\u00f3n Cultura, estar\u00e1n abriendo las puertas de la Biblioteca Artigas, de la<br \/>\nciudad de Rivera, para una ronda de lectura durante toda la jornada de este<br \/>\nviernes 25 de mayo.<\/p>\n<p>La directora de la Biblioteca, Lic. Patricia Cut\u00ed, junto a un equipo de trabajo<br \/>\ncon profesores y docentes, previeron una serie de actividades que son:<br \/>\nA partir de la 9 la Prof. Mary Rocha, estar\u00e1 compartiendo con los m\u00e1s peque\u00f1os<br \/>\n\u201cCuenta cuentos para Ni\u00f1os\u201d.<\/p>\n<ol>\n<li>Desde las 16 hasta las 17hs, se dictar\u00e1 una charla a cargo del Lic. Rafael<br \/>\nFischer, sobre \u201cCreaci\u00f3n literaria en la Frontera de la Paz\u201d.<\/li>\n<li>De 17 a 18 hs, \u201cRueda de escritores fronterizos\u201d.<\/li>\n<li>A las 18 hs, bienvenida y presentaci\u00f3n de la escritora Gladys Ledesma, a cargo<br \/>\ndel Lic. Rafael Fischer.<\/li>\n<li>A las 18.30 hs, Taller basado en el libro \u201cEl sol tambi\u00e9n existe\u201d, a cargo de la<br \/>\nescritora Gladys Ledesma, que tratar\u00e1 las tem\u00e1ticas: Esp\u00edritu Emprendedor,<br \/>\nDesapego y Conexi\u00f3n con nuestro mundo emocional.<\/li>\n<\/ol>\n<p>La Lic. Patricia Cut\u00ed, invit\u00f3 a todas las escuelas que quieran estar presentes a<br \/>\ncompartir esta instancia de lectura en las instalaciones de la Biblioteca Artigas,<br \/>\ndonde la idea es \u201cque la Biblioteca se llene de ni\u00f1os\u201d.<br \/>\nAdem\u00e1s destac\u00f3 la presencia de la escritora Gladys Ledesma, que est\u00e1<br \/>\npresentando su libro en todo el pa\u00eds y \u201ccuenta una historia que todos nos<br \/>\nsentiremos identificados\u201d.<\/p>\n<h4>Fortalecer la cultura a trav\u00e9s del h\u00e1bito de la lectura es una de las tareas del<br \/>\ngobierno departamental, que apuesta a los valores de <strong>ciudadan\u00eda<\/strong>.<\/h4>\n","protected":false},"excerpt":{"rendered":"<p>La Biblioteca \u201cArtigas\u201d, de nuestra ciudad propone un ronda de lectura para grandes y chicos.<\/p>\n","protected":false},"author":1,"featured_media":5724,"template":"","meta":{"_tribe_events_status":"","_tribe_events_status_reason":"","footnotes":""},"tags":[551,548,549,65,552],"tribe_events_cat":[253,302],"class_list":["post-5752","tribe_events","type-tribe_events","status-publish","has-post-thumbnail","hentry","tag-artigas","tag-biblioteca","tag-biblioteca-artigas","tag-cultura","tag-dia-del-libro","tribe_events_cat-cultura","tribe_events_cat-idr","cat_cultura","cat_idr"],"_links":{"self":[{"href":"https:\/\/www.rivera.gub.uy\/portal\/wp-json\/wp\/v2\/tribe_events\/5752","targetHints":{"allow":["GET"]}}],"collection":[{"href":"https:\/\/www.rivera.gub.uy\/portal\/wp-json\/wp\/v2\/tribe_events"}],"about":[{"href":"https:\/\/www.rivera.gub.uy\/portal\/wp-json\/wp\/v2\/types\/tribe_events"}],"author":[{"embeddable":true,"href":"https:\/\/www.rivera.gub.uy\/portal\/wp-json\/wp\/v2\/users\/1"}],"version-history":[{"count":1,"href":"https:\/\/www.rivera.gub.uy\/portal\/wp-json\/wp\/v2\/tribe_events\/5752\/revisions"}],"predecessor-version":[{"id":5753,"href":"https:\/\/www.rivera.gub.uy\/portal\/wp-json\/wp\/v2\/tribe_events\/5752\/revisions\/5753"}],"wp:featuredmedia":[{"embeddable":true,"href":"https:\/\/www.rivera.gub.uy\/portal\/wp-json\/wp\/v2\/media\/5724"}],"wp:attachment":[{"href":"https:\/\/www.rivera.gub.uy\/portal\/wp-json\/wp\/v2\/media?parent=5752"}],"wp:term":[{"taxonomy":"post_tag","embeddable":true,"href":"https:\/\/www.rivera.gub.uy\/portal\/wp-json\/wp\/v2\/tags?post=5752"},{"taxonomy":"tribe_events_cat","embeddable":true,"href":"https:\/\/www.rivera.gub.uy\/portal\/wp-json\/wp\/v2\/tribe_events_cat?post=5752"}],"curies":[{"name":"wp","href":"https:\/\/api.w.org\/{rel}","templated":true}]}}

Actividades en el marco del Día Nacional del Libro

<blockquote><p>La Biblioteca “Artigas”, de nuestra ciudad propone un ronda de lectura para<br />
grandes y chicos.</p></blockquote>
<p><!--more-->Este 26 de mayo se celebra en Uruguay, el Día Nacional del Libro, motivo por<br />
el cual desde la Dirección General de Promoción y Acción Social, a través de la<br />
División Cultura, estarán abriendo las puertas de la Biblioteca Artigas, de la<br />
ciudad de Rivera, para una ronda de lectura durante toda la jornada de este<br />
viernes 25 de mayo.</p>
<p>La directora de la Biblioteca, Lic. Patricia Cutí, junto a un equipo de trabajo<br />
con profesores y docentes, previeron una serie de actividades que son:<br />
A partir de la 9 la Prof. Mary Rocha, estará compartiendo con los más pequeños<br />
“Cuenta cuentos para Niños”.</p>
<ol>
<li>Desde las 16 hasta las 17hs, se dictará una charla a cargo del Lic. Rafael<br />
Fischer, sobre “Creación literaria en la Frontera de la Paz”.</li>
<li>De 17 a 18 hs, “Rueda de escritores fronterizos”.</li>
<li>A las 18 hs, bienvenida y presentación de la escritora Gladys Ledesma, a cargo<br />
del Lic. Rafael Fischer.</li>
<li>A las 18.30 hs, Taller basado en el libro “El sol también existe”, a cargo de la<br />
escritora Gladys Ledesma, que tratará las temáticas: Espíritu Emprendedor,<br />
Desapego y Conexión con nuestro mundo emocional.</li>
</ol>
<p>La Lic. Patricia Cutí, invitó a todas las escuelas que quieran estar presentes a<br />
compartir esta instancia de lectura en las instalaciones de la Biblioteca Artigas,<br />
donde la idea es “que la Biblioteca se llene de niños”.<br />
Además destacó la presencia de la escritora Gladys Ledesma, que está<br />
presentando su libro en todo el país y “cuenta una historia que todos nos<br />
sentiremos identificados”.</p>
<h4>Fortalecer la cultura a través del hábito de la lectura es una de las tareas del<br />
gobierno departamental, que apuesta a los valores de <strong>ciudadanía</strong>.</h4>
