{"id":6917,"date":"2018-08-23T14:36:12","date_gmt":"2018-08-23T17:36:12","guid":{"rendered":"http:\/\/www.rivera.gub.uy\/portal\/?post_type=tribe_events&#038;p=6917"},"modified":"2018-08-23T14:37:55","modified_gmt":"2018-08-23T17:37:55","slug":"dia-de-la-independencia","status":"publish","type":"tribe_events","link":"https:\/\/www.rivera.gub.uy\/portal\/evento\/dia-de-la-independencia\/","title":{"rendered":"D\u00eda de la Independencia"},"content":{"rendered":"<p>Este s\u00e1bado 25 de Agosto se conmemoran 193 a\u00f1os de la Declaratoria de la Independencia.<\/p>\n<p>El acto patrio comenzar\u00e1 a las 10 horas,\u00a0 con la presencia de autoridades.<\/p>\n<p>Como todos los a\u00f1os, se realizar\u00e1 por Avenida Sarand\u00ed el desfile alusivo a la fecha.\u00a0 El mismo tendr\u00e1 lugar a las 11 horas. Adem\u00e1s, se realizar\u00e1n diferentes actividades a lo largo de la jornada.<\/p>\n","protected":false},"excerpt":{"rendered":"<p>Este s\u00e1bado 25 de Agosto se conmemoran 193 a\u00f1os de la Declaratoria de la Independencia. El acto patrio comenzar\u00e1 a las 10 horas,\u00a0 con la presencia de autoridades. Como todos los a\u00f1os, se realizar\u00e1 por Avenida Sarand\u00ed el desfile alusivo a la fecha.\u00a0 El mismo tendr\u00e1 lugar a las 11 horas. Adem\u00e1s, se realizar\u00e1n diferentes [&hellip;]<\/p>\n","protected":false},"author":1,"featured_media":6918,"template":"","meta":{"_tribe_events_status":"","_tribe_events_status_reason":"","footnotes":""},"tags":[228,65,820,114,152,36,117,33,104],"tribe_events_cat":[253,302],"class_list":["post-6917","tribe_events","type-tribe_events","status-publish","has-post-thumbnail","hentry","tag-25-de-agosto","tag-cultura","tag-declaratoria","tag-idr","tag-independencia","tag-intendencia","tag-intendencia-de-rivera","tag-rivera","tag-uruguay","tribe_events_cat-cultura","tribe_events_cat-idr","cat_cultura","cat_idr"],"_links":{"self":[{"href":"https:\/\/www.rivera.gub.uy\/portal\/wp-json\/wp\/v2\/tribe_events\/6917","targetHints":{"allow":["GET"]}}],"collection":[{"href":"https:\/\/www.rivera.gub.uy\/portal\/wp-json\/wp\/v2\/tribe_events"}],"about":[{"href":"https:\/\/www.rivera.gub.uy\/portal\/wp-json\/wp\/v2\/types\/tribe_events"}],"author":[{"embeddable":true,"href":"https:\/\/www.rivera.gub.uy\/portal\/wp-json\/wp\/v2\/users\/1"}],"version-history":[{"count":2,"href":"https:\/\/www.rivera.gub.uy\/portal\/wp-json\/wp\/v2\/tribe_events\/6917\/revisions"}],"predecessor-version":[{"id":6920,"href":"https:\/\/www.rivera.gub.uy\/portal\/wp-json\/wp\/v2\/tribe_events\/6917\/revisions\/6920"}],"wp:featuredmedia":[{"embeddable":true,"href":"https:\/\/www.rivera.gub.uy\/portal\/wp-json\/wp\/v2\/media\/6918"}],"wp:attachment":[{"href":"https:\/\/www.rivera.gub.uy\/portal\/wp-json\/wp\/v2\/media?parent=6917"}],"wp:term":[{"taxonomy":"post_tag","embeddable":true,"href":"https:\/\/www.rivera.gub.uy\/portal\/wp-json\/wp\/v2\/tags?post=6917"},{"taxonomy":"tribe_events_cat","embeddable":true,"href":"https:\/\/www.rivera.gub.uy\/portal\/wp-json\/wp\/v2\/tribe_events_cat?post=6917"}],"curies":[{"name":"wp","href":"https:\/\/api.w.org\/{rel}","templated":true}]}}

Día de la Independencia

<p>Este sábado 25 de Agosto se conmemoran 193 años de la Declaratoria de la Independencia.</p>
<p>El acto patrio comenzará a las 10 horas,  con la presencia de autoridades.</p>
<p>Como todos los años, se realizará por Avenida Sarandí el desfile alusivo a la fecha.  El mismo tendrá lugar a las 11 horas. Además, se realizarán diferentes actividades a lo largo de la jornada.</p>

<p>Este sábado 25 de Agosto se conmemoran 193 años de la Declaratoria de la Independencia. El acto patrio comenzará a las 10 horas,  con la presencia de autoridades. Como todos los años, se realizará por Avenida Sarandí el desfile alusivo a la fecha.  El mismo tendrá lugar a las 11 horas. Además, se realizarán diferentes [&hellip;]</p>
