{"id":78,"date":"2017-07-04T20:56:21","date_gmt":"2017-07-04T20:56:21","guid":{"rendered":"http:\/\/rivera.gub.uy\/social\/?page_id=78"},"modified":"2018-08-16T13:31:12","modified_gmt":"2018-08-16T13:31:12","slug":"equidad-y-genero","status":"publish","type":"page","link":"https:\/\/www.rivera.gub.uy\/social\/equidad-y-genero\/","title":{"rendered":"Equidad y g\u00e9nero"},"content":{"rendered":"<p style=\"text-align: center;\"><img loading=\"lazy\" decoding=\"async\" class=\"alignnone size-full wp-image-151\" src=\"http:\/\/rivera.gub.uy\/social\/wp-content\/uploads\/2017\/07\/unidades-equidad-y-genero.png\" alt=\"Direcci\u00f3n General de Promoci\u00f3n y Acci\u00f3n Social - Intendencia de Rivera - Equidad y G\u00e9nero\" width=\"800\" height=\"350\" srcset=\"https:\/\/www.rivera.gub.uy\/social\/wp-content\/uploads\/2017\/07\/unidades-equidad-y-genero.png 800w, https:\/\/www.rivera.gub.uy\/social\/wp-content\/uploads\/2017\/07\/unidades-equidad-y-genero-300x131.png 300w, https:\/\/www.rivera.gub.uy\/social\/wp-content\/uploads\/2017\/07\/unidades-equidad-y-genero-768x336.png 768w\" sizes=\"(max-width: 800px) 100vw, 800px\" \/><\/p>\n<blockquote><p><span style=\"font-weight: 400;\">Esta divisi\u00f3n cumple con el objetivo de promover, orientar, fortalecer y monitorear las necesidades y deseos de las mujeres del departamento, creando los instrumentos necesarios de una forma transversal en todas las etapas de su vida y de acuerdo a la situaci\u00f3n real en la que viven.<\/span><\/p><\/blockquote>\n<p><span style=\"font-weight: 400;\">Tenemos como responsabilidad realizar campa\u00f1as de sensibilizaci\u00f3n, informaci\u00f3n y promoci\u00f3n de los derechos de las mujeres. Realizamos las gestiones sociales necesarias de quienes nos requieran con el compromiso institucional y responsable que ello amerita.\u00a0<\/span><\/p>\n<p><span style=\"font-weight: 400;\">Realizamos las articulaciones necesarias en la Instituci\u00f3n e interinstitucionalmente para tratar de resolver las demandas de la poblaci\u00f3n que nos solicita.\u00a0<\/span><span style=\"font-weight: 400;\">En lo interno apuntamos al fortalecimiento de los recursos humanos en las cuestiones de g\u00e9nero.<\/span><span style=\"font-weight: 400;\"><br \/>\n<\/span><\/p>\n<ol>\n<li>Asesoramiento y derivaciones a v\u00edctimas de violencia dom\u00e9stica. Articulaciones interisntitucionales (Ej: M.I. , Servicio de Atenci\u00f3n a V\u00edctimas, \u00a0 \u00a0Prefeitura, Centro de Referencia de la Mujer de Livramento, etc.).<\/li>\n<li>Asistencia a v\u00edctimas de violencia dom\u00e9stica \u00a0y sus hijos en el \u00e1rea social y otras personas en situaciones de vulnerabilidad: ej: mudanzas, art\u00edculos para el hogar, ropa, tr\u00e1mites dentro de IDR (Salubridad \u2013 Bienestar Social \u2013 Asistentes Sociales, etc.)<\/li>\n<li>Promoci\u00f3n de los derechos de la mujer (Ley de VD, Acoso sexual laboral, salud sexual y reproductiva)<\/li>\n<li>Actividades del 8 de marzo<\/li>\n<li>Actividades del 25 de noviembre (Marcha, campa\u00f1as de sensibilizaci\u00f3n e informaci\u00f3n, ejemplo: distribuci\u00f3n de pulseras en los bus, centro de la ciudad, etc.)<\/li>\n<li>Campa\u00f1as de informaci\u00f3n y prevenci\u00f3n en VD y Trata y Tr\u00e1fico de personas. (Materiales informativos: folleter\u00eda, pin; Conferencias, red con actores p\u00fablicos y privados)<\/li>\n<li>Iniciativa de propuesta: Asientos maternales y servicios entre 2 paradas (articulaciones con DGTT)<\/li>\n<li>Servicio en el Bus Expreso Esperanza\u2013 Campa\u00f1a denominada TRANSITANDO LOS SINUOSOS CAMINOS HACIA LA ERRADICACI\u00d3N DE LA VIOLENCIA.\n<ul>\n<li>Concurrencia asidua de la agente Mariela Rueco. Especializada en VdyG y Promotora de Salud. Participan: Ps. Rosana Ramos (Sanidad Policial) y Crio. Mayor r. Ana Heberle.<\/li>\n<li>Desde Julio 2015 hasta la fecha<\/li>\n<li>Tareas de sensibilizaci\u00f3n, prevenci\u00f3n, intervenci\u00f3n, y coordinaci\u00f3n en situaciones de Violencia Dom\u00e9stica y G\u00e9nero a familias del interior del DepartamentoFUERON ASISTIDOS\/AS: 1420 habitantes &#8211;\u00a0255 ni\u00f1os\/as visitados &#8211;\u00a018% de la poblaci\u00f3n son ni\u00f1os\/as &#8211; \u00a085% de poblaci\u00f3n adulta asistida<\/li>\n<\/ul>\n<\/li>\n<li>Capacitaciones realizadas al funcionariado, en el marco del Proyecto Fortalecimiento de las Pol\u00edticas de G\u00e9nero a nivel local: Plan de formaci\u00f3n en g\u00e9nero:\n<ul>\n<li>M\u00f3dulo I: aspectos conceptuales en torno a la perspectiva de g\u00e9nero.<\/li>\n<li>M\u00f3dulo II: comunicaci\u00f3n inclusiva no sexista.<\/li>\n<li>M\u00f3dulo III: acoso laboral y sexual.<\/li>\n<li>M\u00f3dulo IV: plan de igualdad de derechos y oportunidades a nivel local; experiencias de Montevideo y canelones.<\/li>\n<li>Capacitaci\u00f3n interna, con pautas de actuaci\u00f3n de acuerdo al estatuto del funcionario Municipal.<\/li>\n<li>Manejo de situaciones de crisis.<\/li>\n<li>Se est\u00e1 planificando la formaci\u00f3n por sectores de personal; a comenzar por tr\u00e1nsito en lo que refiere a violencia de g\u00e9nero, la ley, resoluci\u00f3n de conflictos, otros.<\/li>\n<\/ul>\n<\/li>\n<li>Se cuenta con un Protocolo de Acoso Sexual Laboral, confeccionado en el marco del Proyecto \u201cFortalecimiento de las Pol\u00edticas de Igualdad de G\u00e9nero a nivel local\u201d<\/li>\n<li>Capacitaci\u00f3n a j\u00f3venes del Hogar Estudiantil del Hogar Estudiantil de Rivera. Programa denominado Promotores\/as del Di\u00e1logo en Acciones Sociales y Bienestar\n<ul>\n<li>Programa: \u2013 Violencia Dom\u00e9stica y de G\u00e9nero &#8211; Bullying\/ Cyber Bullying &#8211; Trata y tr\u00e1fico de Personas &#8211; Educaci\u00f3n Sexual<\/li>\n<\/ul>\n<\/li>\n<li>Capacitaciones coordinadas con Hogar Estudiantil de Cerro Pelado en los Centros Estudiantiles de la localidad. Las mismas tienen como fin de educar, informar, prevenir y sensibilizar en las tem\u00e1ticas abordadas.\n<ul>\n<li>Temas: Abuso sexual infantil. Trata y tr\u00e1fico de personas. Cuidados a tomar en las redes sociales.<\/li>\n<\/ul>\n<\/li>\n<li>Organizaci\u00f3n de Presentaci\u00f3n del Libro Bullying y Mobbing. \u201cHaciendo visible lo invisible\u201d. \u00a0Fecha: 17\/06\/2017. Presencia de la Ps. Silvana Giachero.<\/li>\n<\/ol>\n<p>&nbsp;<\/p>\n<hr \/>\n<p style=\"text-align: center;\"><strong>Directora:<\/strong> Tec. Adriana Karina Navarro<br \/>\n<strong>Direcci\u00f3n:<\/strong> Agraciada 570 &#8211; Subsuelo 2<br \/>\n<strong>Tel\u00e9fono:<\/strong> <a href=\"tel:59846231900\">4623 1900<\/a> Int. 117<br \/>\n<strong>E-mail:\u00a0<\/strong><a href=\"mailto:equidadygenero@rivera.gub.uy\">equidadygenero@rivera.gub.uy<\/a><br \/>\n<strong>Horario de atenci\u00f3n:<\/strong> de Lunes a Viernes de 08:15 a 15:00 horas<\/p>\n","protected":false},"excerpt":{"rendered":"<p>Esta divisi\u00f3n cumple con el objetivo de promover, orientar, fortalecer y monitorear las necesidades y deseos de las mujeres del departamento, creando los instrumentos necesarios de una forma transversal en todas las etapas de su vida y de acuerdo a la situaci\u00f3n real en la que viven. Tenemos como responsabilidad realizar campa\u00f1as de sensibilizaci\u00f3n, informaci\u00f3n [&hellip;]<\/p>\n","protected":false},"author":1,"featured_media":0,"parent":0,"menu_order":0,"comment_status":"closed","ping_status":"closed","template":"","meta":{"footnotes":""},"_links":{"self":[{"href":"https:\/\/www.rivera.gub.uy\/social\/wp-json\/wp\/v2\/pages\/78"}],"collection":[{"href":"https:\/\/www.rivera.gub.uy\/social\/wp-json\/wp\/v2\/pages"}],"about":[{"href":"https:\/\/www.rivera.gub.uy\/social\/wp-json\/wp\/v2\/types\/page"}],"author":[{"embeddable":true,"href":"https:\/\/www.rivera.gub.uy\/social\/wp-json\/wp\/v2\/users\/1"}],"replies":[{"embeddable":true,"href":"https:\/\/www.rivera.gub.uy\/social\/wp-json\/wp\/v2\/comments?post=78"}],"version-history":[{"count":8,"href":"https:\/\/www.rivera.gub.uy\/social\/wp-json\/wp\/v2\/pages\/78\/revisions"}],"predecessor-version":[{"id":3920,"href":"https:\/\/www.rivera.gub.uy\/social\/wp-json\/wp\/v2\/pages\/78\/revisions\/3920"}],"wp:attachment":[{"href":"https:\/\/www.rivera.gub.uy\/social\/wp-json\/wp\/v2\/media?parent=78"}],"curies":[{"name":"wp","href":"https:\/\/api.w.org\/{rel}","templated":true}]}}

Equidad y género

<p style="text-align: center;"><img loading="lazy" decoding="async" class="alignnone size-full wp-image-151" src="http://rivera.gub.uy/social/wp-content/uploads/2017/07/unidades-equidad-y-genero.png" alt="Dirección General de Promoción y Acción Social - Intendencia de Rivera - Equidad y Género" width="800" height="350" srcset="https://www.rivera.gub.uy/social/wp-content/uploads/2017/07/unidades-equidad-y-genero.png 800w, https://www.rivera.gub.uy/social/wp-content/uploads/2017/07/unidades-equidad-y-genero-300x131.png 300w, https://www.rivera.gub.uy/social/wp-content/uploads/2017/07/unidades-equidad-y-genero-768x336.png 768w" sizes="(max-width: 800px) 100vw, 800px" /></p>
<blockquote><p><span style="font-weight: 400;">Esta división cumple con el objetivo de promover, orientar, fortalecer y monitorear las necesidades y deseos de las mujeres del departamento, creando los instrumentos necesarios de una forma transversal en todas las etapas de su vida y de acuerdo a la situación real en la que viven.</span></p></blockquote>
<p><span style="font-weight: 400;">Tenemos como responsabilidad realizar campañas de sensibilización, información y promoción de los derechos de las mujeres. Realizamos las gestiones sociales necesarias de quienes nos requieran con el compromiso institucional y responsable que ello amerita. </span></p>
<p><span style="font-weight: 400;">Realizamos las articulaciones necesarias en la Institución e interinstitucionalmente para tratar de resolver las demandas de la población que nos solicita. </span><span style="font-weight: 400;">En lo interno apuntamos al fortalecimiento de los recursos humanos en las cuestiones de género.</span><span style="font-weight: 400;"><br />
</span></p>
<ol>
<li>Asesoramiento y derivaciones a víctimas de violencia doméstica. Articulaciones interisntitucionales (Ej: M.I. , Servicio de Atención a Víctimas,    Prefeitura, Centro de Referencia de la Mujer de Livramento, etc.).</li>
<li>Asistencia a víctimas de violencia doméstica  y sus hijos en el área social y otras personas en situaciones de vulnerabilidad: ej: mudanzas, artículos para el hogar, ropa, trámites dentro de IDR (Salubridad – Bienestar Social – Asistentes Sociales, etc.)</li>
<li>Promoción de los derechos de la mujer (Ley de VD, Acoso sexual laboral, salud sexual y reproductiva)</li>
<li>Actividades del 8 de marzo</li>
<li>Actividades del 25 de noviembre (Marcha, campañas de sensibilización e información, ejemplo: distribución de pulseras en los bus, centro de la ciudad, etc.)</li>
<li>Campañas de información y prevención en VD y Trata y Tráfico de personas. (Materiales informativos: folletería, pin; Conferencias, red con actores públicos y privados)</li>
<li>Iniciativa de propuesta: Asientos maternales y servicios entre 2 paradas (articulaciones con DGTT)</li>
<li>Servicio en el Bus Expreso Esperanza– Campaña denominada TRANSITANDO LOS SINUOSOS CAMINOS HACIA LA ERRADICACIÓN DE LA VIOLENCIA.
<ul>
<li>Concurrencia asidua de la agente Mariela Rueco. Especializada en VdyG y Promotora de Salud. Participan: Ps. Rosana Ramos (Sanidad Policial) y Crio. Mayor r. Ana Heberle.</li>
<li>Desde Julio 2015 hasta la fecha</li>
<li>Tareas de sensibilización, prevención, intervención, y coordinación en situaciones de Violencia Doméstica y Género a familias del interior del DepartamentoFUERON ASISTIDOS/AS: 1420 habitantes &#8211; 255 niños/as visitados &#8211; 18% de la población son niños/as &#8211;  85% de población adulta asistida</li>
</ul>
</li>
<li>Capacitaciones realizadas al funcionariado, en el marco del Proyecto Fortalecimiento de las Políticas de Género a nivel local: Plan de formación en género:
<ul>
<li>Módulo I: aspectos conceptuales en torno a la perspectiva de género.</li>
<li>Módulo II: comunicación inclusiva no sexista.</li>
<li>Módulo III: acoso laboral y sexual.</li>
<li>Módulo IV: plan de igualdad de derechos y oportunidades a nivel local; experiencias de Montevideo y canelones.</li>
<li>Capacitación interna, con pautas de actuación de acuerdo al estatuto del funcionario Municipal.</li>
<li>Manejo de situaciones de crisis.</li>
<li>Se está planificando la formación por sectores de personal; a comenzar por tránsito en lo que refiere a violencia de género, la ley, resolución de conflictos, otros.</li>
</ul>
</li>
<li>Se cuenta con un Protocolo de Acoso Sexual Laboral, confeccionado en el marco del Proyecto “Fortalecimiento de las Políticas de Igualdad de Género a nivel local”</li>
<li>Capacitación a jóvenes del Hogar Estudiantil del Hogar Estudiantil de Rivera. Programa denominado Promotores/as del Diálogo en Acciones Sociales y Bienestar
<ul>
<li>Programa: – Violencia Doméstica y de Género &#8211; Bullying/ Cyber Bullying &#8211; Trata y tráfico de Personas &#8211; Educación Sexual</li>
</ul>
</li>
<li>Capacitaciones coordinadas con Hogar Estudiantil de Cerro Pelado en los Centros Estudiantiles de la localidad. Las mismas tienen como fin de educar, informar, prevenir y sensibilizar en las temáticas abordadas.
<ul>
<li>Temas: Abuso sexual infantil. Trata y tráfico de personas. Cuidados a tomar en las redes sociales.</li>
</ul>
</li>
<li>Organización de Presentación del Libro Bullying y Mobbing. “Haciendo visible lo invisible”.  Fecha: 17/06/2017. Presencia de la Ps. Silvana Giachero.</li>
</ol>
<p>&nbsp;</p>
<hr />
<p style="text-align: center;"><strong>Directora:</strong> Tec. Adriana Karina Navarro<br />
<strong>Dirección:</strong> Agraciada 570 &#8211; Subsuelo 2<br />
<strong>Teléfono:</strong> <a href="tel:59846231900">4623 1900</a> Int. 117<br />
<strong>E-mail: </strong><a href="mailto:equidadygenero@rivera.gub.uy">equidadygenero@rivera.gub.uy</a><br />
<strong>Horario de atención:</strong> de Lunes a Viernes de 08:15 a 15:00 horas</p>

<p>Esta división cumple con el objetivo de promover, orientar, fortalecer y monitorear las necesidades y deseos de las mujeres del departamento, creando los instrumentos necesarios de una forma transversal en todas las etapas de su vida y de acuerdo a la situación real en la que viven. Tenemos como responsabilidad realizar campañas de sensibilización, información [&hellip;]</p>
