{"id":526,"date":"2017-04-07T14:53:22","date_gmt":"2017-04-07T14:53:22","guid":{"rendered":"http:\/\/www.rivera.gub.uy\/medioambiente\/?page_id=526"},"modified":"2018-02-23T14:52:43","modified_gmt":"2018-02-23T14:52:43","slug":"asesoria-notarial","status":"publish","type":"page","link":"https:\/\/www.rivera.gub.uy\/transito\/divisiones\/asesoria-notarial\/","title":{"rendered":"Asesor\u00eda Notarial"},"content":{"rendered":"<p>&nbsp;<\/p>\n<p style=\"text-align: center;\"><img loading=\"lazy\" decoding=\"async\" class=\"alignnone size-full wp-image-788\" src=\"http:\/\/www.rivera.gub.uy\/transito\/images\/unidades-asesoria-notarial.png\" alt=\"Direcci\u00f3n General de Tr\u00e1nsito y Transporte - Asesor\u00eda notarial\" width=\"800\" height=\"350\" \/><\/p>\n<blockquote><p><span style=\"font-weight: 400;\">Somos los responsables de asesorar a la Direcci\u00f3n General, y realizamos tareas de control de la presente documentaci\u00f3n que es ingresada por el contribuyente.<\/span><\/p><\/blockquote>\n<p><strong>Tareas que realiza:<\/strong><\/p>\n<ul>\n<li><span style=\"font-weight: 400;\">Contratos de arrendamiento de servicios.<\/span><\/li>\n<li style=\"font-weight: 400;\"><span style=\"font-weight: 400;\">Poderes<\/span><\/li>\n<li style=\"font-weight: 400;\"><span style=\"font-weight: 400;\">Testimonios por exhibici\u00f3n, de facturas y todo los documentos que se requieran.<\/span><\/li>\n<li style=\"font-weight: 400;\"><span style=\"font-weight: 400;\">Certificados. <\/span><\/li>\n<li style=\"font-weight: 400;\"><span style=\"font-weight: 400;\">Asesoramiento a los contribuyentes solamente con respecto a los tr\u00e1mites de la Intendencia<\/span><\/li>\n<li style=\"font-weight: 400;\"><span style=\"font-weight: 400;\">Empadronamiento de veh\u00edculos.<\/span><\/li>\n<li style=\"font-weight: 400;\"><span style=\"font-weight: 400;\">Transferencias. <\/span><\/li>\n<li style=\"font-weight: 400;\"><span style=\"font-weight: 400;\">Fallecimiento de titulares de la libreta de circulaci\u00f3n. <\/span><\/li>\n<li style=\"font-weight: 400;\"><span style=\"font-weight: 400;\">Cambio de motor, cambio de chasis. <\/span><\/li>\n<li style=\"font-weight: 400;\"><span style=\"font-weight: 400;\">Asesoramiento a los funcionarios de la Intendencia, con respecto a documentaciones presentadas por los contribuyente si son o no correctas para los tr\u00e1mites respectivos. <\/span><\/li>\n<li style=\"font-weight: 400;\"><span style=\"font-weight: 400;\">Declaraciones Juradas de los contribuyentes con firmas certificadas en relaci\u00f3n a los cambios y re grabados de motores y chasis, licitaciones, entre otros solicitudes.<\/span><\/li>\n<li style=\"font-weight: 400;\"><span style=\"font-weight: 400;\">Asesoramientos telef\u00f3nicos a otros colegas de diferentes departamentos as\u00ed como a funcionarios de otras Intendencia, cuando lo requieran.<\/span><\/li>\n<\/ul>\n<hr \/>\n<p style=\"text-align: center;\"><strong>Directora:<\/strong> Sandra Pacheco<br \/>\nAgraciada 570 &#8211; 2\u00ba Subsuelo<br \/>\n<strong>Tel\u00e9fono:<\/strong> <a href=\"tel:59846231900\">462 31900<\/a> Int. 227<br \/>\n<strong>Horario de atenci\u00f3n:<\/strong> de Lunes a Viernes de 08:15 a 15:00 horas.<\/p>\n","protected":false},"excerpt":{"rendered":"<p>&nbsp; Somos los responsables de asesorar a la Direcci\u00f3n General, y realizamos tareas de control de la presente documentaci\u00f3n que es ingresada por el contribuyente. Tareas que realiza: Contratos de arrendamiento de servicios. Poderes Testimonios por exhibici\u00f3n, de facturas y todo los documentos que se requieran. Certificados. Asesoramiento a los contribuyentes solamente con respecto a [&hellip;]<\/p>\n","protected":false},"author":2,"featured_media":0,"parent":11,"menu_order":0,"comment_status":"closed","ping_status":"closed","template":"","meta":{"footnotes":""},"class_list":["post-526","page","type-page","status-publish","hentry"],"_links":{"self":[{"href":"https:\/\/www.rivera.gub.uy\/transito\/wp-json\/wp\/v2\/pages\/526"}],"collection":[{"href":"https:\/\/www.rivera.gub.uy\/transito\/wp-json\/wp\/v2\/pages"}],"about":[{"href":"https:\/\/www.rivera.gub.uy\/transito\/wp-json\/wp\/v2\/types\/page"}],"author":[{"embeddable":true,"href":"https:\/\/www.rivera.gub.uy\/transito\/wp-json\/wp\/v2\/users\/2"}],"replies":[{"embeddable":true,"href":"https:\/\/www.rivera.gub.uy\/transito\/wp-json\/wp\/v2\/comments?post=526"}],"version-history":[{"count":7,"href":"https:\/\/www.rivera.gub.uy\/transito\/wp-json\/wp\/v2\/pages\/526\/revisions"}],"predecessor-version":[{"id":1117,"href":"https:\/\/www.rivera.gub.uy\/transito\/wp-json\/wp\/v2\/pages\/526\/revisions\/1117"}],"up":[{"embeddable":true,"href":"https:\/\/www.rivera.gub.uy\/transito\/wp-json\/wp\/v2\/pages\/11"}],"wp:attachment":[{"href":"https:\/\/www.rivera.gub.uy\/transito\/wp-json\/wp\/v2\/media?parent=526"}],"curies":[{"name":"wp","href":"https:\/\/api.w.org\/{rel}","templated":true}]}}