{"id":641,"date":"2017-05-30T19:38:49","date_gmt":"2017-05-30T19:38:49","guid":{"rendered":"http:\/\/www.rivera.gub.uy\/transito\/?page_id=641"},"modified":"2018-02-23T14:07:59","modified_gmt":"2018-02-23T14:07:59","slug":"informatica","status":"publish","type":"page","link":"https:\/\/www.rivera.gub.uy\/transito\/divisiones\/informatica\/","title":{"rendered":"Inform\u00e1tica"},"content":{"rendered":"<p style=\"text-align: center;\"><img loading=\"lazy\" decoding=\"async\" class=\"alignnone size-full wp-image-801\" src=\"http:\/\/www.rivera.gub.uy\/transito\/images\/unidades-division-informatica.png\" alt=\"Direcci\u00f3n General de Tr\u00e1nsito y Transporte - Divisi\u00f3n Inform\u00e1tica\" width=\"800\" height=\"350\" \/><\/p>\n<blockquote><p><span style=\"font-weight: 400;\">Son los encargados de desarrollar, programar, asesorar y disponer de las herramientas tecnol\u00f3gicas adecuadas para un funcionamiento integrado de la Direcci\u00f3n General de Tr\u00e1nsito y Transporte.<\/span><\/p><\/blockquote>\n<p><strong>Tareas que realiza:<\/strong><\/p>\n<ul>\n<li style=\"font-weight: 400;\"><span style=\"font-weight: 400;\">Desarrollar sistemas y programas.<\/span><\/li>\n<li style=\"font-weight: 400;\"><span style=\"font-weight: 400;\">Controla la tecnolog\u00eda interna<\/span><\/li>\n<li style=\"font-weight: 400;\"><span style=\"font-weight: 400;\">Manejo de estad\u00edsticas Nacionales y Departamentales.<\/span><\/li>\n<li style=\"font-weight: 400;\"><span style=\"font-weight: 400;\">Nutre a la DGTT con informaciones sobre el tr\u00e1nsito a nivel Nacional, y principalmente Departamental. <\/span><\/li>\n<li style=\"font-weight: 400;\"><span style=\"font-weight: 400;\">Dimensionar, gestionar, proyectar, mantener la informaci\u00f3n de redes de comunicaci\u00f3n actualizadas.<\/span><\/li>\n<li style=\"font-weight: 400;\"><span style=\"font-weight: 400;\">Proyectar y administrar los recursos asignados a la divisi\u00f3n de tal manera que se optimice su funcionamiento.<\/span><\/li>\n<\/ul>\n<hr \/>\n<p style=\"text-align: center;\"><strong>Director:<\/strong> Tiar\u00e9 Cardoso<br \/>\nAgraciada 570 &#8211; Segundo piso.<br \/>\n<strong>Tel\u00e9fono:<\/strong> <a href=\"tel:59846231900\">462 31900<\/a>\u00a0int. 103<br \/>\n<strong>Horario de atenci\u00f3n:<\/strong> de Lunes a Viernes de 08:15 a 15:00 horas.<br \/>\n<strong>E-mail:<\/strong> <a href=\"mailto:transito.informatica@rivera.gub.uy\">transito.informatica@rivera.gub.uy<\/a><\/p>\n","protected":false},"excerpt":{"rendered":"<p>Son los encargados de desarrollar, programar, asesorar y disponer de las herramientas tecnol\u00f3gicas adecuadas para un funcionamiento integrado de la Direcci\u00f3n General de Tr\u00e1nsito y Transporte. Tareas que realiza: Desarrollar sistemas y programas. Controla la tecnolog\u00eda interna Manejo de estad\u00edsticas Nacionales y Departamentales. Nutre a la DGTT con informaciones sobre el tr\u00e1nsito a nivel Nacional, [&hellip;]<\/p>\n","protected":false},"author":2,"featured_media":0,"parent":11,"menu_order":0,"comment_status":"closed","ping_status":"closed","template":"","meta":{"footnotes":""},"class_list":["post-641","page","type-page","status-publish","hentry"],"_links":{"self":[{"href":"https:\/\/www.rivera.gub.uy\/transito\/wp-json\/wp\/v2\/pages\/641"}],"collection":[{"href":"https:\/\/www.rivera.gub.uy\/transito\/wp-json\/wp\/v2\/pages"}],"about":[{"href":"https:\/\/www.rivera.gub.uy\/transito\/wp-json\/wp\/v2\/types\/page"}],"author":[{"embeddable":true,"href":"https:\/\/www.rivera.gub.uy\/transito\/wp-json\/wp\/v2\/users\/2"}],"replies":[{"embeddable":true,"href":"https:\/\/www.rivera.gub.uy\/transito\/wp-json\/wp\/v2\/comments?post=641"}],"version-history":[{"count":9,"href":"https:\/\/www.rivera.gub.uy\/transito\/wp-json\/wp\/v2\/pages\/641\/revisions"}],"predecessor-version":[{"id":1129,"href":"https:\/\/www.rivera.gub.uy\/transito\/wp-json\/wp\/v2\/pages\/641\/revisions\/1129"}],"up":[{"embeddable":true,"href":"https:\/\/www.rivera.gub.uy\/transito\/wp-json\/wp\/v2\/pages\/11"}],"wp:attachment":[{"href":"https:\/\/www.rivera.gub.uy\/transito\/wp-json\/wp\/v2\/media?parent=641"}],"curies":[{"name":"wp","href":"https:\/\/api.w.org\/{rel}","templated":true}]}}