{"id":674,"date":"2017-05-31T14:29:24","date_gmt":"2017-05-31T14:29:24","guid":{"rendered":"http:\/\/www.rivera.gub.uy\/transito\/?page_id=674"},"modified":"2017-08-03T15:17:23","modified_gmt":"2017-08-03T15:17:23","slug":"ejecutiva","status":"publish","type":"page","link":"https:\/\/www.rivera.gub.uy\/transito\/servicios\/ejecutiva\/","title":{"rendered":"Ejecutiva"},"content":{"rendered":"<p style=\"text-align: center;\"><img loading=\"lazy\" decoding=\"async\" class=\"alignnone size-full wp-image-779\" src=\"http:\/\/www.rivera.gub.uy\/transito\/wp-content\/uploads\/2017\/05\/servicios-division-ejecutiva.png\" alt=\"Direcci\u00f3n General de Tr\u00e1nsito y Transporte - Divisi\u00f3n Ejecutiva\" width=\"800\" height=\"350\" srcset=\"https:\/\/www.rivera.gub.uy\/transito\/wp-content\/uploads\/2017\/05\/servicios-division-ejecutiva.png 800w, https:\/\/www.rivera.gub.uy\/transito\/wp-content\/uploads\/2017\/05\/servicios-division-ejecutiva-300x131.png 300w, https:\/\/www.rivera.gub.uy\/transito\/wp-content\/uploads\/2017\/05\/servicios-division-ejecutiva-768x336.png 768w\" sizes=\"(max-width: 800px) 100vw, 800px\" \/><\/p>\n<p><strong>Corte de calles<br \/>\n<\/strong>La tarea consiste en proporcionar al solicitante seguridad y colocar en las intersecciones solicitadas los elementos tales como ser barreras , conos o si es necesario presencia de Inspectores permanente. Acompa\u00f1amiento de eventos importantes que se desarrollen en nuestra ciudad.<\/p>\n<p><em>Requisitos:<\/em> Nota dirigida al Director General de Tr\u00e1nsito y Transporte, solicitando el servicio correspondiente, con nombre, direcci\u00f3n, tel\u00e9fono de contacto; con m\u00ednimo de 5 d\u00edas h\u00e1biles de antecedencia.<\/p>\n","protected":false},"excerpt":{"rendered":"<p>Corte de calles La tarea consiste en proporcionar al solicitante seguridad y colocar en las intersecciones solicitadas los elementos tales como ser barreras , conos o si es necesario presencia de Inspectores permanente. Acompa\u00f1amiento de eventos importantes que se desarrollen en nuestra ciudad. Requisitos: Nota dirigida al Director General de Tr\u00e1nsito y Transporte, solicitando el [&hellip;]<\/p>\n","protected":false},"author":2,"featured_media":0,"parent":13,"menu_order":0,"comment_status":"closed","ping_status":"closed","template":"","meta":{"footnotes":""},"class_list":["post-674","page","type-page","status-publish","hentry"],"_links":{"self":[{"href":"https:\/\/www.rivera.gub.uy\/transito\/wp-json\/wp\/v2\/pages\/674"}],"collection":[{"href":"https:\/\/www.rivera.gub.uy\/transito\/wp-json\/wp\/v2\/pages"}],"about":[{"href":"https:\/\/www.rivera.gub.uy\/transito\/wp-json\/wp\/v2\/types\/page"}],"author":[{"embeddable":true,"href":"https:\/\/www.rivera.gub.uy\/transito\/wp-json\/wp\/v2\/users\/2"}],"replies":[{"embeddable":true,"href":"https:\/\/www.rivera.gub.uy\/transito\/wp-json\/wp\/v2\/comments?post=674"}],"version-history":[{"count":5,"href":"https:\/\/www.rivera.gub.uy\/transito\/wp-json\/wp\/v2\/pages\/674\/revisions"}],"predecessor-version":[{"id":828,"href":"https:\/\/www.rivera.gub.uy\/transito\/wp-json\/wp\/v2\/pages\/674\/revisions\/828"}],"up":[{"embeddable":true,"href":"https:\/\/www.rivera.gub.uy\/transito\/wp-json\/wp\/v2\/pages\/13"}],"wp:attachment":[{"href":"https:\/\/www.rivera.gub.uy\/transito\/wp-json\/wp\/v2\/media?parent=674"}],"curies":[{"name":"wp","href":"https:\/\/api.w.org\/{rel}","templated":true}]}}

<p style="text-align: center;"><img loading="lazy" decoding="async" class="alignnone size-full wp-image-779" src="http://www.rivera.gub.uy/transito/wp-content/uploads/2017/05/servicios-division-ejecutiva.png" alt="Dirección General de Tránsito y Transporte - División Ejecutiva" width="800" height="350" srcset="https://www.rivera.gub.uy/transito/wp-content/uploads/2017/05/servicios-division-ejecutiva.png 800w, https://www.rivera.gub.uy/transito/wp-content/uploads/2017/05/servicios-division-ejecutiva-300x131.png 300w, https://www.rivera.gub.uy/transito/wp-content/uploads/2017/05/servicios-division-ejecutiva-768x336.png 768w" sizes="(max-width: 800px) 100vw, 800px" /></p>
<p><strong>Corte de calles<br />
</strong>La tarea consiste en proporcionar al solicitante seguridad y colocar en las intersecciones solicitadas los elementos tales como ser barreras , conos o si es necesario presencia de Inspectores permanente. Acompañamiento de eventos importantes que se desarrollen en nuestra ciudad.</p>
<p><em>Requisitos:</em> Nota dirigida al Director General de Tránsito y Transporte, solicitando el servicio correspondiente, con nombre, dirección, teléfono de contacto; con mínimo de 5 días hábiles de antecedencia.</p>

<p>Corte de calles La tarea consiste en proporcionar al solicitante seguridad y colocar en las intersecciones solicitadas los elementos tales como ser barreras , conos o si es necesario presencia de Inspectores permanente. Acompañamiento de eventos importantes que se desarrollen en nuestra ciudad. Requisitos: Nota dirigida al Director General de Tránsito y Transporte, solicitando el [&hellip;]</p>
