{"id":678,"date":"2017-05-31T14:30:15","date_gmt":"2017-05-31T14:30:15","guid":{"rendered":"http:\/\/www.rivera.gub.uy\/transito\/?page_id=678"},"modified":"2020-08-24T14:18:06","modified_gmt":"2020-08-24T14:18:06","slug":"unidad-educacion-vial","status":"publish","type":"page","link":"https:\/\/www.rivera.gub.uy\/transito\/servicios\/unidad-educacion-vial\/","title":{"rendered":"Unidad Educaci\u00f3n Vial"},"content":{"rendered":"<p><a href=\"https:\/\/www.rivera.gub.uy\/transito\/wp-content\/uploads\/2020\/08\/servicios-unidad-educacion-vial2.png\"><img loading=\"lazy\" decoding=\"async\" class=\"aligncenter wp-image-3043 size-full\" src=\"https:\/\/www.rivera.gub.uy\/transito\/wp-content\/uploads\/2020\/08\/servicios-unidad-educacion-vial2.png\" alt=\"\" width=\"800\" height=\"350\" srcset=\"https:\/\/www.rivera.gub.uy\/transito\/wp-content\/uploads\/2020\/08\/servicios-unidad-educacion-vial2.png 800w, https:\/\/www.rivera.gub.uy\/transito\/wp-content\/uploads\/2020\/08\/servicios-unidad-educacion-vial2-300x131.png 300w, https:\/\/www.rivera.gub.uy\/transito\/wp-content\/uploads\/2020\/08\/servicios-unidad-educacion-vial2-768x336.png 768w\" sizes=\"(max-width: 800px) 100vw, 800px\" \/><\/a><\/p>\n<blockquote><p>Para instituciones y poblaci\u00f3n en general. Charlas. Cursos.\u00a0Capacitaciones en seguridad vial.<\/p><\/blockquote>\n<p>Referentes: Todo el equipo.<\/p>\n<p><strong>Requisitos<\/strong><\/p>\n<ul>\n<li>Un contacto<\/li>\n<li>Nombre completo<\/li>\n<li>Tel\u00e9fono<\/li>\n<li>Correo<\/li>\n<li>Instituci\u00f3n<\/li>\n<li>Cantidad de participantes<\/li>\n<li>Horarios disponibles<\/li>\n<\/ul>\n<p>*Para solicitar las charlas, comunicarse con la divisi\u00f3n de educaci\u00f3n vial, desde las 8:30hs a 14:30hs, tel 462 3 19 00 int. 181.<\/p>\n<hr \/>\n<p><strong>Preguntas frecuentes:\u00a0<\/strong>Con relaci\u00f3n a la ley, su obligatoriedad departamental, como por ejemplo:<\/p>\n<ul>\n<li>Uso del casco<\/li>\n<li>Sistema de retenci\u00f3n infantil<\/li>\n<li>Uso del cintur\u00f3n<\/li>\n<li>Uso del chaleco y\/o bandas reflectivas<\/li>\n<li>El celular<\/li>\n<\/ul>\n","protected":false},"excerpt":{"rendered":"<p>Para instituciones y poblaci\u00f3n en general. Charlas. Cursos.\u00a0Capacitaciones en seguridad vial. Referentes: Todo el equipo. Requisitos Un contacto Nombre completo Tel\u00e9fono Correo Instituci\u00f3n Cantidad de participantes Horarios disponibles *Para solicitar las charlas, comunicarse con la divisi\u00f3n de educaci\u00f3n vial, desde las 8:30hs a 14:30hs, tel 462 3 19 00 int. 181. Preguntas frecuentes:\u00a0Con relaci\u00f3n a [&hellip;]<\/p>\n","protected":false},"author":2,"featured_media":0,"parent":13,"menu_order":0,"comment_status":"closed","ping_status":"closed","template":"","meta":{"footnotes":""},"class_list":["post-678","page","type-page","status-publish","hentry"],"_links":{"self":[{"href":"https:\/\/www.rivera.gub.uy\/transito\/wp-json\/wp\/v2\/pages\/678"}],"collection":[{"href":"https:\/\/www.rivera.gub.uy\/transito\/wp-json\/wp\/v2\/pages"}],"about":[{"href":"https:\/\/www.rivera.gub.uy\/transito\/wp-json\/wp\/v2\/types\/page"}],"author":[{"embeddable":true,"href":"https:\/\/www.rivera.gub.uy\/transito\/wp-json\/wp\/v2\/users\/2"}],"replies":[{"embeddable":true,"href":"https:\/\/www.rivera.gub.uy\/transito\/wp-json\/wp\/v2\/comments?post=678"}],"version-history":[{"count":7,"href":"https:\/\/www.rivera.gub.uy\/transito\/wp-json\/wp\/v2\/pages\/678\/revisions"}],"predecessor-version":[{"id":3045,"href":"https:\/\/www.rivera.gub.uy\/transito\/wp-json\/wp\/v2\/pages\/678\/revisions\/3045"}],"up":[{"embeddable":true,"href":"https:\/\/www.rivera.gub.uy\/transito\/wp-json\/wp\/v2\/pages\/13"}],"wp:attachment":[{"href":"https:\/\/www.rivera.gub.uy\/transito\/wp-json\/wp\/v2\/media?parent=678"}],"curies":[{"name":"wp","href":"https:\/\/api.w.org\/{rel}","templated":true}]}}

Unidad Educación Vial

<p><a href="https://www.rivera.gub.uy/transito/wp-content/uploads/2020/08/servicios-unidad-educacion-vial2.png"><img loading="lazy" decoding="async" class="aligncenter wp-image-3043 size-full" src="https://www.rivera.gub.uy/transito/wp-content/uploads/2020/08/servicios-unidad-educacion-vial2.png" alt="" width="800" height="350" srcset="https://www.rivera.gub.uy/transito/wp-content/uploads/2020/08/servicios-unidad-educacion-vial2.png 800w, https://www.rivera.gub.uy/transito/wp-content/uploads/2020/08/servicios-unidad-educacion-vial2-300x131.png 300w, https://www.rivera.gub.uy/transito/wp-content/uploads/2020/08/servicios-unidad-educacion-vial2-768x336.png 768w" sizes="(max-width: 800px) 100vw, 800px" /></a></p>
<blockquote><p>Para instituciones y población en general. Charlas. Cursos. Capacitaciones en seguridad vial.</p></blockquote>
<p>Referentes: Todo el equipo.</p>
<p><strong>Requisitos</strong></p>
<ul>
<li>Un contacto</li>
<li>Nombre completo</li>
<li>Teléfono</li>
<li>Correo</li>
<li>Institución</li>
<li>Cantidad de participantes</li>
<li>Horarios disponibles</li>
</ul>
<p>*Para solicitar las charlas, comunicarse con la división de educación vial, desde las 8:30hs a 14:30hs, tel 462 3 19 00 int. 181.</p>
<hr />
<p><strong>Preguntas frecuentes: </strong>Con relación a la ley, su obligatoriedad departamental, como por ejemplo:</p>
<ul>
<li>Uso del casco</li>
<li>Sistema de retención infantil</li>
<li>Uso del cinturón</li>
<li>Uso del chaleco y/o bandas reflectivas</li>
<li>El celular</li>
</ul>

<p>Para instituciones y población en general. Charlas. Cursos. Capacitaciones en seguridad vial. Referentes: Todo el equipo. Requisitos Un contacto Nombre completo Teléfono Correo Institución Cantidad de participantes Horarios disponibles *Para solicitar las charlas, comunicarse con la división de educación vial, desde las 8:30hs a 14:30hs, tel 462 3 19 00 int. 181. Preguntas frecuentes: Con relación a [&hellip;]</p>
